CRAN Package Check Results for Package lbfgs

Last updated on 2020-09-22 16:02:31 CEST.

Flavor Version Tinstall Tcheck Ttotal Status Flags
r-devel-linux-x86_64-debian-clang 1.2.1 21.68 33.40 55.08 NOTE
r-devel-linux-x86_64-debian-gcc 1.2.1 13.53 27.10 40.63 NOTE
r-devel-linux-x86_64-fedora-clang 1.2.1 81.07 NOTE
r-devel-linux-x86_64-fedora-gcc 1.2.1 67.07 NOTE
r-devel-windows-ix86+x86_64 1.2.1 46.00 73.00 119.00 NOTE
r-patched-linux-x86_64 1.2.1 13.74 32.97 46.71 NOTE
r-patched-solaris-x86 1.2.1 80.20 NOTE
r-release-linux-x86_64 1.2.1 14.65 33.28 47.93 NOTE
r-release-macos-x86_64 1.2.1 NOTE
r-release-windows-ix86+x86_64 1.2.1 49.00 69.00 118.00 NOTE
r-oldrel-macos-x86_64 1.2.1 NOTE
r-oldrel-windows-ix86+x86_64 1.2.1 35.00 79.00 114.00 NOTE

Check Details

Version: 1.2.1
Check: R code for possible problems
Result: NOTE
    lbfgs: no visible global function definition for 'hasArg'
    Undefined global functions or variables:
     hasArg
    Consider adding
     importFrom("methods", "hasArg")
    to your NAMESPACE file (and ensure that your DESCRIPTION Imports field
    contains 'methods').
Flavors: r-devel-linux-x86_64-debian-clang, r-devel-linux-x86_64-debian-gcc, r-devel-linux-x86_64-fedora-clang, r-devel-linux-x86_64-fedora-gcc, r-devel-windows-ix86+x86_64, r-patched-linux-x86_64, r-patched-solaris-x86, r-release-linux-x86_64, r-release-macos-x86_64, r-release-windows-ix86+x86_64, r-oldrel-macos-x86_64, r-oldrel-windows-ix86+x86_64

Version: 1.2.1
Check: compiled code
Result: NOTE
    File ‘lbfgs/libs/lbfgs.so’:
     Found no calls to: ‘R_registerRoutines’, ‘R_useDynamicSymbols’
    
    It is good practice to register native routines and to disable symbol
    search.
    
    See ‘Writing portable packages’ in the ‘Writing R Extensions’ manual.
Flavors: r-devel-linux-x86_64-fedora-clang, r-devel-linux-x86_64-fedora-gcc