Last updated on 2021-04-11 15:46:53 CEST.
Flavor | Version | Tinstall | Tcheck | Ttotal | Status | Flags |
---|---|---|---|---|---|---|
r-devel-linux-x86_64-debian-clang | 0.1.0 | 7.97 | 62.26 | 70.23 | NOTE | |
r-devel-linux-x86_64-debian-gcc | 0.1.0 | 5.75 | 46.29 | 52.04 | NOTE | |
r-devel-linux-x86_64-fedora-clang | 0.1.0 | 95.02 | NOTE | |||
r-devel-linux-x86_64-fedora-gcc | 0.1.0 | 84.04 | NOTE | |||
r-devel-windows-ix86+x86_64 | 0.1.0 | 14.00 | 56.00 | 70.00 | NOTE | |
r-devel-windows-x86_64-gcc10-UCRT | 0.1.0 | NOTE | ||||
r-patched-linux-x86_64 | 0.1.0 | 7.54 | 57.61 | 65.15 | OK | |
r-patched-solaris-x86 | 0.1.0 | 145.20 | OK | |||
r-release-linux-x86_64 | 0.1.0 | 7.51 | 57.18 | 64.69 | OK | |
r-release-macos-x86_64 | 0.1.0 | OK | ||||
r-release-windows-ix86+x86_64 | 0.1.0 | 14.00 | 63.00 | 77.00 | OK | |
r-oldrel-macos-x86_64 | 0.1.0 | OK | ||||
r-oldrel-windows-ix86+x86_64 | 0.1.0 | 14.00 | 75.00 | 89.00 | OK |
Version: 0.1.0
Check: LazyData
Result: NOTE
'LazyData' is specified without a 'data' directory
Flavors: r-devel-linux-x86_64-debian-clang, r-devel-linux-x86_64-debian-gcc, r-devel-linux-x86_64-fedora-clang, r-devel-linux-x86_64-fedora-gcc, r-devel-windows-ix86+x86_64, r-devel-windows-x86_64-gcc10-UCRT