CRAN Package Check Results for Package lawstat

Last updated on 2020-10-21 03:47:24 CEST.

Flavor Version Tinstall Tcheck Ttotal Status Flags
r-devel-linux-x86_64-debian-clang 3.4 6.13 64.31 70.44 OK
r-devel-linux-x86_64-debian-gcc 3.4 5.48 47.83 53.31 OK
r-devel-linux-x86_64-fedora-clang 3.4 94.69 NOTE
r-devel-linux-x86_64-fedora-gcc 3.4 82.53 OK
r-devel-windows-ix86+x86_64 3.4 8.00 65.00 73.00 OK
r-patched-linux-x86_64 3.4 6.14 61.41 67.55 OK
r-patched-solaris-x86 3.4 110.50 OK
r-release-linux-x86_64 3.4 5.36 61.46 66.82 OK
r-release-macos-x86_64 3.4 OK
r-release-windows-ix86+x86_64 3.4 7.00 62.00 69.00 OK
r-oldrel-macos-x86_64 3.4 OK
r-oldrel-windows-ix86+x86_64 3.4 8.00 81.00 89.00 OK

Check Details

Version: 3.4
Check: Rd cross-references
Result: NOTE
    Undeclared packages ‘VGAM’, ‘tseries’ in Rd xrefs
Flavor: r-devel-linux-x86_64-fedora-clang