Last updated on 2022-07-06 15:49:02 CEST.
Flavor | Version | Tinstall | Tcheck | Ttotal | Status | Flags |
---|---|---|---|---|---|---|
r-devel-linux-x86_64-debian-clang | 1.2 | 18.73 | 168.08 | 186.81 | NOTE | |
r-devel-linux-x86_64-debian-gcc | 1.2 | 16.80 | 125.72 | 142.52 | NOTE | |
r-devel-linux-x86_64-fedora-clang | 1.2 | 252.20 | WARN | |||
r-devel-linux-x86_64-fedora-gcc | 1.2 | 235.42 | WARN | |||
r-devel-windows-x86_64 | 1.2 | 22.00 | 184.00 | 206.00 | NOTE | |
r-patched-linux-x86_64 | 1.2 | 19.70 | 157.76 | 177.46 | NOTE | |
r-release-linux-x86_64 | 1.2 | 16.50 | 159.23 | 175.73 | NOTE | |
r-release-macos-arm64 | 1.2 | 60.00 | NOTE | |||
r-release-macos-x86_64 | 1.2 | 107.00 | NOTE | |||
r-release-windows-x86_64 | 1.2 | 23.00 | 190.00 | 213.00 | NOTE | |
r-oldrel-macos-arm64 | 1.2 | 69.00 | NOTE | |||
r-oldrel-macos-x86_64 | 1.2 | 123.00 | NOTE | |||
r-oldrel-windows-ix86+x86_64 | 1.2 | 46.00 | 177.00 | 223.00 | NOTE |
Version: 1.2
Check: LazyData
Result: NOTE
'LazyData' is specified without a 'data' directory
Flavors: r-devel-linux-x86_64-debian-clang, r-devel-linux-x86_64-debian-gcc, r-devel-linux-x86_64-fedora-clang, r-devel-linux-x86_64-fedora-gcc, r-devel-windows-x86_64, r-patched-linux-x86_64, r-release-linux-x86_64, r-release-macos-arm64, r-release-macos-x86_64, r-release-windows-x86_64, r-oldrel-macos-arm64, r-oldrel-macos-x86_64, r-oldrel-windows-ix86+x86_64
Version: 1.2
Check: package dependencies
Result: WARN
Requires (indirectly) orphaned package: ‘gtools’
Flavors: r-devel-linux-x86_64-fedora-clang, r-devel-linux-x86_64-fedora-gcc