Last updated on 2022-05-21 15:49:58 CEST.
Flavor | Version | Tinstall | Tcheck | Ttotal | Status | Flags |
---|---|---|---|---|---|---|
r-devel-linux-x86_64-debian-clang | 1.6.10 | 42.25 | 432.63 | 474.88 | NOTE | |
r-devel-linux-x86_64-debian-gcc | 1.6.10 | 32.61 | 311.49 | 344.10 | NOTE | |
r-devel-linux-x86_64-fedora-clang | 1.6.10 | 552.04 | NOTE | |||
r-devel-linux-x86_64-fedora-gcc | 1.6.10 | 571.59 | NOTE | |||
r-devel-windows-x86_64 | 1.6.10 | 118.00 | 482.00 | 600.00 | NOTE | |
r-patched-linux-x86_64 | 1.6.10 | 42.96 | 409.11 | 452.07 | NOTE | |
r-release-linux-x86_64 | 1.6.10 | 39.28 | 410.09 | 449.37 | NOTE | |
r-release-macos-arm64 | 1.6.10 | 125.00 | NOTE | |||
r-release-macos-x86_64 | 1.6.10 | 180.00 | NOTE | |||
r-release-windows-x86_64 | 1.6.10 | 136.00 | 466.00 | 602.00 | NOTE | |
r-oldrel-macos-arm64 | 1.6.10 | 216.00 | NOTE | |||
r-oldrel-macos-x86_64 | 1.6.10 | 169.00 | NOTE | |||
r-oldrel-windows-ix86+x86_64 | 1.6.10 | 66.00 | 455.00 | 521.00 | OK |
Version: 1.6.10
Check: package dependencies
Result: NOTE
Packages suggested but not available for checking: 'gof', 'lava.tobit'
Flavors: r-devel-linux-x86_64-debian-clang, r-devel-linux-x86_64-debian-gcc, r-devel-linux-x86_64-fedora-clang, r-devel-linux-x86_64-fedora-gcc, r-devel-windows-x86_64, r-patched-linux-x86_64, r-release-linux-x86_64, r-release-macos-x86_64, r-release-windows-x86_64, r-oldrel-macos-arm64, r-oldrel-macos-x86_64
Version: 1.6.10
Check: package dependencies
Result: NOTE
Packages suggested but not available for checking:
'Rgraphviz', 'gof', 'graph', 'lava.tobit'
Flavor: r-release-macos-arm64
Version: 1.6.10
Check: installed package size
Result: NOTE
installed size is 5.1Mb
sub-directories of 1Mb or more:
R 2.1Mb
doc 2.1Mb
Flavor: r-oldrel-macos-arm64