CRAN Package Check Results for Package lattice

Last updated on 2020-10-26 03:48:26 CET.

Flavor Version Tinstall Tcheck Ttotal Status Flags
r-devel-linux-x86_64-debian-clang 0.20-41 16.30 142.41 158.71 OK
r-devel-linux-x86_64-debian-gcc 0.20-41 14.87 104.09 118.96 OK
r-devel-linux-x86_64-fedora-clang 0.20-41 196.69 NOTE
r-devel-linux-x86_64-fedora-gcc 0.20-41 183.41 OK
r-devel-windows-ix86+x86_64 0.20-41 31.00 218.00 249.00 NOTE
r-patched-linux-x86_64 0.20-41 16.13 130.17 146.30 OK
r-patched-solaris-x86 0.20-41 OK
r-release-linux-x86_64 0.20-41 17.64 129.18 146.82 OK
r-release-macos-x86_64 0.20-41 OK
r-release-windows-ix86+x86_64 0.20-41 27.00 163.00 190.00 OK
r-oldrel-macos-x86_64 0.20-41 OK
r-oldrel-windows-ix86+x86_64 0.20-41 28.00 232.00 260.00 OK

Check Details

Version: 0.20-41
Check: Rd cross-references
Result: NOTE
    Undeclared package ‘zoo’ in Rd xrefs
Flavor: r-devel-linux-x86_64-fedora-clang

Version: 0.20-41
Check: compiled code
Result: NOTE
    Note: information on .o files for i386 is not available
    Note: information on .o files for x64 is not available
    File 'd:/Rcompile/CRANpkg/lib/4.1/lattice/libs/i386/lattice.dll':
     Found 'abort', possibly from 'abort' (C), 'runtime' (Fortran)
    File 'd:/Rcompile/CRANpkg/lib/4.1/lattice/libs/x64/lattice.dll':
     Found 'abort', possibly from 'abort' (C), 'runtime' (Fortran)
    
    Compiled code should not call entry points which might terminate R nor
    write to stdout/stderr instead of to the console, nor use Fortran I/O
    nor system RNGs. The detected symbols are linked into the code but
    might come from libraries and not actually be called.
    
    See 'Writing portable packages' in the 'Writing R Extensions' manual.
Flavor: r-devel-windows-ix86+x86_64