CRAN Package Check Results for Package later

Last updated on 2023-02-02 15:54:34 CET.

Flavor Version Tinstall Tcheck Ttotal Status Flags
r-devel-linux-x86_64-debian-clang 1.3.0 40.02 84.24 124.26 WARN
r-devel-linux-x86_64-debian-gcc 1.3.0 30.82 57.84 88.66 WARN
r-devel-linux-x86_64-fedora-clang 1.3.0 172.94 WARN
r-devel-linux-x86_64-fedora-gcc 1.3.0 164.07 WARN
r-devel-windows-x86_64 1.3.0 61.00 154.00 215.00 NOTE
r-patched-linux-x86_64 1.3.0 33.91 71.10 105.01 OK
r-release-linux-x86_64 1.3.0 36.03 69.74 105.77 OK
r-release-macos-arm64 1.3.0 50.00 OK
r-release-macos-x86_64 1.3.0 68.00 OK
r-release-windows-x86_64 1.3.0 53.00 151.00 204.00 OK
r-oldrel-macos-arm64 1.3.0 50.00 OK
r-oldrel-macos-x86_64 1.3.0 68.00 OK
r-oldrel-windows-ix86+x86_64 1.3.0 108.00 208.00 316.00 OK

Check Details

Version: 1.3.0
Check: whether package can be installed
Result: WARN
    Found the following significant warnings:
     init.c:12:37: warning: a function declaration without a prototype is deprecated in all versions of C [-Wstrict-prototypes]
     init.c:18:40: warning: a function declaration without a prototype is deprecated in all versions of C [-Wstrict-prototypes]
     init.c:24:40: warning: a function declaration without a prototype is deprecated in all versions of C [-Wstrict-prototypes]
     init.c:27:31: warning: a function declaration without a prototype is deprecated in all versions of C [-Wstrict-prototypes]
     init.c:51:15: warning: a function declaration without a prototype is deprecated in all versions of C [-Wstrict-prototypes]
    See ‘/home/hornik/tmp/R.check/r-devel-clang/Work/PKGS/later.Rcheck/00install.out’ for details.
    * used C compiler: ‘Debian clang version 15.0.6’
    * used C++ compiler: ‘Debian clang version 15.0.6’
Flavor: r-devel-linux-x86_64-debian-clang

Version: 1.3.0
Check: C++ specification
Result: NOTE
     Specified C++11: please update to current default of C++17
Flavors: r-devel-linux-x86_64-debian-clang, r-devel-linux-x86_64-debian-gcc, r-devel-linux-x86_64-fedora-clang, r-devel-linux-x86_64-fedora-gcc, r-devel-windows-x86_64

Version: 1.3.0
Check: whether package can be installed
Result: WARN
    Found the following significant warnings:
     init.c:12:1: warning: function declaration isn’t a prototype [-Wstrict-prototypes]
     init.c:18:1: warning: function declaration isn’t a prototype [-Wstrict-prototypes]
     init.c:24:1: warning: function declaration isn’t a prototype [-Wstrict-prototypes]
     init.c:27:1: warning: function declaration isn’t a prototype [-Wstrict-prototypes]
     init.c:51:1: warning: function declaration isn’t a prototype [-Wstrict-prototypes]
    See ‘/home/hornik/tmp/R.check/r-devel-gcc/Work/PKGS/later.Rcheck/00install.out’ for details.
    * used C compiler: ‘gcc-12 (Debian 12.2.0-14) 12.2.0’
    * used C++ compiler: ‘g++-12 (Debian 12.2.0-14) 12.2.0’
Flavor: r-devel-linux-x86_64-debian-gcc

Version: 1.3.0
Check: whether package can be installed
Result: WARN
    Found the following significant warnings:
     init.c:12:37: warning: a function declaration without a prototype is deprecated in all versions of C [-Wstrict-prototypes]
     init.c:18:40: warning: a function declaration without a prototype is deprecated in all versions of C [-Wstrict-prototypes]
     init.c:24:40: warning: a function declaration without a prototype is deprecated in all versions of C [-Wstrict-prototypes]
     init.c:27:31: warning: a function declaration without a prototype is deprecated in all versions of C [-Wstrict-prototypes]
     init.c:51:15: warning: a function declaration without a prototype is deprecated in all versions of C [-Wstrict-prototypes]
    See ‘/data/gannet/ripley/R/packages/tests-clang/later.Rcheck/00install.out’ for details.
    * used C compiler: ‘clang version 15.0.7’
    * used C++ compiler: ‘clang version 15.0.7’
Flavor: r-devel-linux-x86_64-fedora-clang

Version: 1.3.0
Check: whether package can be installed
Result: WARN
    Found the following significant warnings:
     init.c:12:1: warning: function declaration isn’t a prototype [-Wstrict-prototypes]
     init.c:18:1: warning: function declaration isn’t a prototype [-Wstrict-prototypes]
     init.c:24:1: warning: function declaration isn’t a prototype [-Wstrict-prototypes]
     init.c:27:1: warning: function declaration isn’t a prototype [-Wstrict-prototypes]
     init.c:51:1: warning: function declaration isn’t a prototype [-Wstrict-prototypes]
    See ‘/data/gannet/ripley/R/packages/tests-devel/later.Rcheck/00install.out’ for details.
    * used C compiler: ‘gcc (GCC) 12.2.1 20221121 (Red Hat 12.2.1-4)’
    * used C++ compiler: ‘g++ (GCC) 12.2.1 20221121 (Red Hat 12.2.1-4)’
Flavor: r-devel-linux-x86_64-fedora-gcc