CRAN Package Check Results for Package latentnet

Last updated on 2024-07-16 03:54:23 CEST.

Flavor Version Tinstall Tcheck Ttotal Status Flags
r-devel-linux-x86_64-debian-clang 2.11.0 20.53 218.13 238.66 NOTE
r-devel-linux-x86_64-debian-gcc 2.11.0 17.54 155.60 173.14 NOTE
r-devel-linux-x86_64-fedora-clang 2.11.0 297.59 NOTE
r-devel-linux-x86_64-fedora-gcc 2.11.0 279.04 NOTE
r-devel-windows-x86_64 2.11.0 28.00 185.00 213.00 NOTE
r-patched-linux-x86_64 2.11.0 33.55 210.05 243.60 NOTE
r-release-linux-x86_64 2.11.0 18.61 210.39 229.00 NOTE
r-release-macos-arm64 2.11.0 76.00 NOTE
r-release-macos-x86_64 2.11.0 116.00 NOTE
r-release-windows-x86_64 2.11.0 28.00 186.00 214.00 NOTE
r-oldrel-macos-arm64 2.11.0 89.00 NOTE
r-oldrel-macos-x86_64 2.11.0 211.00 NOTE
r-oldrel-windows-x86_64 2.11.0 33.00 215.00 248.00 NOTE

Check Details

Version: 2.11.0
Check: for GNU extensions in Makefiles
Result: NOTE GNU make is a SystemRequirements. Flavors: r-devel-linux-x86_64-debian-clang, r-devel-linux-x86_64-debian-gcc, r-devel-linux-x86_64-fedora-clang, r-devel-linux-x86_64-fedora-gcc, r-devel-windows-x86_64, r-patched-linux-x86_64, r-release-linux-x86_64, r-release-macos-arm64, r-release-macos-x86_64, r-release-windows-x86_64, r-oldrel-macos-arm64, r-oldrel-macos-x86_64, r-oldrel-windows-x86_64

Version: 2.11.0
Check: Rd cross-references
Result: NOTE Found the following Rd file(s) with Rd \link{} targets missing package anchors: Intercept-ergmTerm-49126971.Rd: edges-ergmTerm, ergm, ergmTerm bilinear-ergmTerm-3e739bd7.Rd: ergm, ergmTerm ergmm.Rd: ergmTerm, ergm-package, network ergmm.prior.Rd: ergmTerm euclidean-ergmTerm-6ab46c25.Rd: ergm, ergmTerm euclidean2-ergmTerm-939e9c32.Rd: ergm, ergmTerm latentcov-ergmTerm-fba43306.Rd: ergm, ergmTerm latentnet-package.Rd: ergmTerm loopcov-ergmTerm-bbc2e00a.Rd: ergm, ergmTerm loopfactor-ergmTerm-19d02eff.Rd: ergm, ergmTerm loops-ergmTerm-968722e8.Rd: ergm, ergmTerm receivercov-ergmTerm-ea158ece.Rd: nodeicov-ergmTerm, nodeifactor-ergmTerm, nodecov-ergmTerm, nodefactor-ergmTerm, ergm, ergmTerm rreceiver-ergmTerm-abdcadad.Rd: ergm, ergmTerm rsender-ergmTerm-b342610b.Rd: ergm, ergmTerm rsociality-ergmTerm-7ae668b9.Rd: ergm, ergmTerm sendercov-ergmTerm-a7b5c66c.Rd: nodeocov-ergmTerm, nodeofactor-ergmTerm, nodecov-ergmTerm, nodefactor-ergmTerm, ergm, ergmTerm socialitycov-ergmTerm-339101cf.Rd: nodecov-ergmTerm, nodefactor-ergmTerm, ergm, ergmTerm Please provide package anchors for all Rd \link{} targets not in the package itself and the base packages. Flavor: r-devel-windows-x86_64