CRAN Package Check Results for Package latentgraph

Last updated on 2024-07-12 15:52:51 CEST.

Flavor Version Tinstall Tcheck Ttotal Status Flags
r-devel-linux-x86_64-debian-clang 1.1 37.47 81.15 118.62 NOTE
r-devel-linux-x86_64-debian-gcc 1.1 25.96 61.91 87.87 NOTE
r-devel-linux-x86_64-fedora-clang 1.1 154.39 NOTE
r-devel-linux-x86_64-fedora-gcc 1.1 146.77 NOTE
r-devel-windows-x86_64 1.1 30.00 94.00 124.00 NOTE
r-patched-linux-x86_64 1.1 33.14 76.22 109.36 NOTE
r-release-linux-x86_64 1.1 35.71 75.53 111.24 NOTE
r-release-macos-arm64 1.1 40.00 NOTE
r-release-macos-x86_64 1.1 62.00 NOTE
r-release-windows-x86_64 1.1 32.00 92.00 124.00 NOTE
r-oldrel-macos-arm64 1.1 47.00 NOTE
r-oldrel-macos-x86_64 1.1 73.00 NOTE
r-oldrel-windows-x86_64 1.1 40.00 114.00 154.00 NOTE

Check Details

Version: 1.1
Check: C++ specification
Result: NOTE Specified C++11: please drop specification unless essential Flavors: r-devel-linux-x86_64-debian-clang, r-devel-linux-x86_64-debian-gcc, r-devel-linux-x86_64-fedora-clang, r-devel-linux-x86_64-fedora-gcc, r-devel-windows-x86_64, r-patched-linux-x86_64, r-release-linux-x86_64, r-release-macos-arm64, r-release-macos-x86_64, r-release-windows-x86_64, r-oldrel-macos-arm64, r-oldrel-macos-x86_64, r-oldrel-windows-x86_64