CRAN Package Check Results for Package lassoshooting

Last updated on 2022-10-01 03:54:12 CEST.

Flavor Version Tinstall Tcheck Ttotal Status Flags
r-devel-linux-x86_64-debian-clang 0.1.5-1.1 2.72 21.28 24.00 OK
r-devel-linux-x86_64-debian-gcc 0.1.5-1.1 2.48 16.54 19.02 OK
r-devel-linux-x86_64-fedora-clang 0.1.5-1.1 42.29 NOTE
r-devel-linux-x86_64-fedora-gcc 0.1.5-1.1 39.08 NOTE
r-devel-windows-x86_64 0.1.5-1.1 13.00 47.00 60.00 OK
r-patched-linux-x86_64 0.1.5-1.1 2.87 19.60 22.47 OK
r-release-linux-x86_64 0.1.5-1.1 2.34 19.91 22.25 OK
r-release-macos-arm64 0.1.5-1.1 15.00 OK
r-release-macos-x86_64 0.1.5-1.1 21.00 OK
r-release-windows-x86_64 0.1.5-1.1 8.00 44.00 52.00 OK
r-oldrel-macos-arm64 0.1.5-1.1 14.00 OK
r-oldrel-macos-x86_64 0.1.5-1.1 22.00 OK
r-oldrel-windows-ix86+x86_64 0.1.5-1.1 8.00 39.00 47.00 OK

Check Details

Version: 0.1.5-1.1
Check: compiled code
Result: NOTE
    File ‘lassoshooting/libs/lassoshooting.so’:
     Found no calls to: ‘R_registerRoutines’, ‘R_useDynamicSymbols’
    
    It is good practice to register native routines and to disable symbol
    search.
    
    See ‘Writing portable packages’ in the ‘Writing R Extensions’ manual.
Flavors: r-devel-linux-x86_64-fedora-clang, r-devel-linux-x86_64-fedora-gcc