CRAN Package Check Results for Package landsepi

Last updated on 2020-09-28 03:47:45 CEST.

Flavor Version Tinstall Tcheck Ttotal Status Flags
r-devel-linux-x86_64-debian-clang 1.0.1 100.45 158.95 259.40 OK
r-devel-linux-x86_64-debian-gcc 1.0.1 79.76 118.99 198.75 OK
r-devel-linux-x86_64-fedora-clang 1.0.1 343.73 NOTE
r-devel-linux-x86_64-fedora-gcc 1.0.1 331.85 OK
r-devel-windows-ix86+x86_64 1.0.1 219.00 274.00 493.00 NOTE
r-patched-linux-x86_64 1.0.1 83.96 148.05 232.01 OK
r-patched-solaris-x86 1.0.1 362.00 OK
r-release-linux-x86_64 1.0.1 87.54 149.03 236.57 OK
r-release-macos-x86_64 1.0.1 NOTE
r-release-windows-ix86+x86_64 1.0.1 215.00 281.00 496.00 NOTE
r-oldrel-macos-x86_64 1.0.1 NOTE
r-oldrel-windows-ix86+x86_64 1.0.1 200.00 248.00 448.00 OK

Check Details

Version: 1.0.1
Check: installed package size
Result: NOTE
     installed size is 10.2Mb
     sub-directories of 1Mb or more:
     libs 7.9Mb
Flavors: r-devel-linux-x86_64-fedora-clang, r-devel-windows-ix86+x86_64, r-release-macos-x86_64, r-release-windows-ix86+x86_64, r-oldrel-macos-x86_64