Last updated on 2022-06-28 03:51:35 CEST.
Flavor | Version | Tinstall | Tcheck | Ttotal | Status | Flags |
---|---|---|---|---|---|---|
r-devel-linux-x86_64-debian-clang | 2.1.1 | 20.21 | 29.33 | 49.54 | NOTE | |
r-devel-linux-x86_64-debian-gcc | 2.1.1 | 14.91 | 22.72 | 37.63 | NOTE | |
r-devel-linux-x86_64-fedora-clang | 2.1.1 | 75.66 | NOTE | |||
r-devel-linux-x86_64-fedora-gcc | 2.1.1 | 68.32 | NOTE | |||
r-devel-windows-x86_64 | 2.1.1 | 24.00 | 73.00 | 97.00 | NOTE | |
r-patched-linux-x86_64 | 2.1.1 | 16.94 | 27.36 | 44.30 | NOTE | |
r-release-linux-x86_64 | 2.1.1 | 14.82 | 27.99 | 42.81 | NOTE | |
r-release-macos-arm64 | 2.1.1 | 24.00 | NOTE | |||
r-release-macos-x86_64 | 2.1.1 | 34.00 | NOTE | |||
r-release-windows-x86_64 | 2.1.1 | 30.00 | 74.00 | 104.00 | NOTE | |
r-oldrel-macos-arm64 | 2.1.1 | 22.00 | NOTE | |||
r-oldrel-macos-x86_64 | 2.1.1 | 34.00 | NOTE | |||
r-oldrel-windows-ix86+x86_64 | 2.1.1 | 52.00 | 69.00 | 121.00 | NOTE |
Version: 2.1.1
Check: for GNU extensions in Makefiles
Result: NOTE
GNU make is a SystemRequirements.
Flavors: r-devel-linux-x86_64-debian-clang, r-devel-linux-x86_64-debian-gcc, r-devel-linux-x86_64-fedora-clang, r-devel-linux-x86_64-fedora-gcc, r-devel-windows-x86_64, r-patched-linux-x86_64, r-release-linux-x86_64, r-release-macos-arm64, r-release-macos-x86_64, r-release-windows-x86_64, r-oldrel-macos-arm64, r-oldrel-macos-x86_64, r-oldrel-windows-ix86+x86_64
Version: 2.1.1
Check: Rd cross-references
Result: NOTE
Undeclared package ‘gsl’ in Rd xrefs
Flavor: r-devel-linux-x86_64-fedora-clang