CRAN Package Check Results for Package lacrmr

Last updated on 2020-12-01 04:47:38 CET.

Flavor Version Tinstall Tcheck Ttotal Status Flags
r-devel-linux-x86_64-debian-clang 1.0.3 4.93 40.36 45.29 OK
r-devel-linux-x86_64-debian-gcc 1.0.3 4.32 34.27 38.59 OK
r-devel-linux-x86_64-fedora-clang 1.0.3 58.59 NOTE
r-devel-linux-x86_64-fedora-gcc 1.0.3 48.90 NOTE
r-devel-windows-ix86+x86_64 1.0.3 19.00 45.00 64.00 OK
r-patched-linux-x86_64 1.0.3 4.59 41.62 46.21 OK
r-patched-solaris-x86 1.0.3 75.10 NOTE
r-release-linux-x86_64 1.0.3 4.74 41.76 46.50 OK
r-release-macos-x86_64 1.0.3 NOTE
r-release-windows-ix86+x86_64 1.0.3 9.00 42.00 51.00 OK
r-oldrel-macos-x86_64 1.0.3 NOTE
r-oldrel-windows-ix86+x86_64 1.0.3 6.00 57.00 63.00 OK

Check Details

Version: 1.0.3
Check: dependencies in R code
Result: NOTE
    Namespace in Imports field not imported from: ‘stringr’
     All declared Imports should be used.
Flavors: r-devel-linux-x86_64-fedora-clang, r-devel-linux-x86_64-fedora-gcc, r-patched-solaris-x86, r-release-macos-x86_64, r-oldrel-macos-x86_64