CRAN Package Check Results for Package labelrank

Last updated on 2020-09-22 16:02:31 CEST.

Flavor Version Tinstall Tcheck Ttotal Status Flags
r-devel-linux-x86_64-debian-clang 0.1 1.88 23.04 24.92 NOTE
r-devel-linux-x86_64-debian-gcc 0.1 1.46 18.72 20.18 NOTE
r-devel-linux-x86_64-fedora-clang 0.1 40.45 OK
r-devel-linux-x86_64-fedora-gcc 0.1 32.06 OK
r-devel-windows-ix86+x86_64 0.1 5.00 33.00 38.00 NOTE
r-patched-linux-x86_64 0.1 1.69 23.09 24.78 NOTE
r-patched-solaris-x86 0.1 48.40 OK
r-release-linux-x86_64 0.1 1.72 23.28 25.00 NOTE
r-release-macos-x86_64 0.1 OK
r-release-windows-ix86+x86_64 0.1 5.00 35.00 40.00 NOTE
r-oldrel-macos-x86_64 0.1 OK
r-oldrel-windows-ix86+x86_64 0.1 3.00 41.00 44.00 OK

Check Details

Version: 0.1
Check: package vignettes
Result: NOTE
    Package vignette with placeholder title 'Vignette Title':
     'labelrank.Rmd'
Flavors: r-devel-linux-x86_64-debian-clang, r-devel-linux-x86_64-debian-gcc, r-devel-windows-ix86+x86_64, r-patched-linux-x86_64, r-release-linux-x86_64, r-release-windows-ix86+x86_64