CRAN Package Check Results for Package kyotil

Last updated on 2022-01-16 02:49:32 CET.

Flavor Version Tinstall Tcheck Ttotal Status Flags
r-devel-linux-x86_64-debian-clang 2021.5-14 14.73 82.07 96.80 OK
r-devel-linux-x86_64-debian-gcc 2021.5-14 10.46 62.07 72.53 OK
r-devel-linux-x86_64-fedora-clang 2021.5-14 116.37 OK
r-devel-linux-x86_64-fedora-gcc 2021.5-14 105.48 OK
r-devel-windows-x86_64-new-UL 2021.5-14 75.00 109.00 184.00 OK
r-devel-windows-x86_64-new-TK 2021.5-14 NOTE
r-patched-linux-x86_64 2021.5-14 10.71 77.99 88.70 OK
r-release-linux-x86_64 2021.5-14 12.46 78.76 91.22 OK
r-release-macos-arm64 2021.5-14 OK
r-release-macos-x86_64 2021.5-14 OK
r-release-windows-ix86+x86_64 2021.5-14 28.00 119.00 147.00 OK
r-oldrel-macos-x86_64 2021.5-14 OK
r-oldrel-windows-ix86+x86_64 2021.5-14 28.00 115.00 143.00 OK

Check Details

Version: 2021.5-14
Check: package dependencies
Result: NOTE
    Package suggested but not available for checking: 'lme4'
Flavor: r-devel-windows-x86_64-new-TK