CRAN Package Check Results for Package kpcalg

Last updated on 2022-06-30 03:53:26 CEST.

Flavor Version Tinstall Tcheck Ttotal Status Flags
r-devel-linux-x86_64-debian-clang 1.0.1 16.51 292.24 308.75 NOTE
r-devel-linux-x86_64-debian-gcc 1.0.1 13.47 218.48 231.95 NOTE
r-devel-linux-x86_64-fedora-clang 1.0.1 369.81 NOTE
r-devel-linux-x86_64-fedora-gcc 1.0.1 370.00 NOTE
r-devel-windows-x86_64 1.0.1 21.00 299.00 320.00 NOTE
r-patched-linux-x86_64 1.0.1 17.82 277.24 295.06 NOTE
r-release-linux-x86_64 1.0.1 14.09 280.15 294.24 NOTE
r-release-macos-arm64 1.0.1 119.00 NOTE
r-release-macos-x86_64 1.0.1 142.00 NOTE
r-release-windows-x86_64 1.0.1 24.00 302.00 326.00 NOTE
r-oldrel-macos-arm64 1.0.1 156.00 NOTE
r-oldrel-macos-x86_64 1.0.1 154.00 NOTE
r-oldrel-windows-ix86+x86_64 1.0.1 31.00 301.00 332.00 NOTE

Check Details

Version: 1.0.1
Check: LazyData
Result: NOTE
     'LazyData' is specified without a 'data' directory
Flavors: r-devel-linux-x86_64-debian-clang, r-devel-linux-x86_64-debian-gcc, r-devel-linux-x86_64-fedora-clang, r-devel-linux-x86_64-fedora-gcc, r-devel-windows-x86_64, r-patched-linux-x86_64, r-release-linux-x86_64, r-release-macos-arm64, r-release-macos-x86_64, r-release-windows-x86_64, r-oldrel-macos-arm64, r-oldrel-macos-x86_64, r-oldrel-windows-ix86+x86_64