Last updated on 2022-08-17 03:52:06 CEST.
Flavor | Version | Tinstall | Tcheck | Ttotal | Status | Flags |
---|---|---|---|---|---|---|
r-devel-linux-x86_64-debian-clang | 0.0.1 | 8.63 | 73.57 | 82.20 | NOTE | |
r-devel-linux-x86_64-debian-gcc | 0.0.1 | NOTE | ||||
r-devel-linux-x86_64-fedora-clang | 0.0.1 | 108.81 | NOTE | |||
r-devel-linux-x86_64-fedora-gcc | 0.0.1 | 108.54 | NOTE | |||
r-devel-windows-x86_64 | 0.0.1 | 9.00 | 89.00 | 98.00 | NOTE | |
r-patched-linux-x86_64 | 0.0.1 | 7.87 | 72.48 | 80.35 | NOTE | |
r-release-linux-x86_64 | 0.0.1 | 8.84 | 74.94 | 83.78 | NOTE | |
r-release-macos-arm64 | 0.0.1 | 29.00 | NOTE | |||
r-release-macos-x86_64 | 0.0.1 | 44.00 | NOTE | |||
r-release-windows-x86_64 | 0.0.1 | 13.00 | 96.00 | 109.00 | NOTE | |
r-oldrel-macos-arm64 | 0.0.1 | 35.00 | NOTE | |||
r-oldrel-macos-x86_64 | 0.0.1 | 47.00 | NOTE | |||
r-oldrel-windows-ix86+x86_64 | 0.0.1 | 18.00 | 95.00 | 113.00 | NOTE |
Version: 0.0.1
Check: LazyData
Result: NOTE
'LazyData' is specified without a 'data' directory
Flavors: r-devel-linux-x86_64-debian-clang, r-devel-linux-x86_64-debian-gcc, r-devel-linux-x86_64-fedora-clang, r-devel-linux-x86_64-fedora-gcc, r-devel-windows-x86_64, r-patched-linux-x86_64, r-release-linux-x86_64, r-release-macos-arm64, r-release-macos-x86_64, r-release-windows-x86_64, r-oldrel-macos-arm64, r-oldrel-macos-x86_64, r-oldrel-windows-ix86+x86_64