CRAN Package Check Results for Package knockoff

Last updated on 2020-09-29 03:48:24 CEST.

Flavor Version Tinstall Tcheck Ttotal Status Flags
r-devel-linux-x86_64-debian-clang 0.3.3 3.70 105.88 109.58 OK --no-vignettes
r-devel-linux-x86_64-debian-gcc 0.3.3 2.62 81.35 83.97 OK --no-vignettes
r-devel-linux-x86_64-fedora-clang 0.3.3 2233.86 OK
r-devel-linux-x86_64-fedora-gcc 0.3.3 2232.20 OK
r-devel-windows-ix86+x86_64 0.3.3 9.00 91.00 100.00 NOTE --no-vignettes
r-patched-linux-x86_64 0.3.3 3.44 102.86 106.30 OK --no-vignettes
r-patched-solaris-x86 0.3.3 3914.80 WARN
r-release-linux-x86_64 0.3.3 3.27 104.48 107.75 OK --no-vignettes
r-release-macos-x86_64 0.3.3 OK
r-release-windows-ix86+x86_64 0.3.3 8.00 119.00 127.00 NOTE --no-vignettes
r-oldrel-macos-x86_64 0.3.3 FAIL
r-oldrel-windows-ix86+x86_64 0.3.3 6.00 128.00 134.00 NOTE --no-vignettes

Check Details

Version: 0.3.3
Flags: --no-vignettes
Check: package dependencies
Result: NOTE
    Package suggested but not available for checking: 'doMC'
Flavors: r-devel-windows-ix86+x86_64, r-release-windows-ix86+x86_64, r-oldrel-windows-ix86+x86_64

Version: 0.3.3
Check: re-building of vignette outputs
Result: WARN
    Error(s) in re-building vignettes:
     ...
    --- re-building ‘advanced.Rmd’ using rmarkdown
    Warning in engine$weave(file, quiet = quiet, encoding = enc) :
     Pandoc (>= 1.12.3) and/or pandoc-citeproc not available. Falling back to R Markdown v1.
    Loading required package: Matrix
    Loaded glmnet 4.0-2
    --- finished re-building ‘advanced.Rmd’
    
    --- re-building ‘fixed.Rmd’ using rmarkdown
    Warning in engine$weave(file, quiet = quiet, encoding = enc) :
     Pandoc (>= 1.12.3) and/or pandoc-citeproc not available. Falling back to R Markdown v1.
    --- finished re-building ‘fixed.Rmd’
    
    --- re-building ‘hiv.Rmd’ using rmarkdown
    Warning in engine$weave(file, quiet = quiet, encoding = enc) :
     Pandoc (>= 1.12.3) and/or pandoc-citeproc not available. Falling back to R Markdown v1.
    --- finished re-building ‘hiv.Rmd’
    
    Cpu Limit Exceeded - core dumped
    --- re-building ‘knockoff.Rmd’ using rmarkdown
    Warning in engine$weave(file, quiet = quiet, encoding = enc) :
     Pandoc (>= 1.12.3) and/or pandoc-citeproc not available. Falling back to R Markdown v1.
    Loading required package: Matrix
    Loaded glmnet 4.0-2
    SUMMARY: processing the following file failed:
     ‘knockoff.Rmd’
    
    Error: Vignette re-building failed.
    Execution halted
Flavor: r-patched-solaris-x86

Version: 0.3.3
Check: re-building of vignette outputs
Result: WARN
    Error(s) in re-building vignettes:
    --- re-building ‘advanced.Rmd’ using rmarkdown
    Warning in engine$weave(file, quiet = quiet, encoding = enc) :
     Pandoc (>= 1.12.3) and/or pandoc-citeproc not available. Falling back to R Markdown v1.
    Loading required package: Matrix
    Loaded glmnet 4.0-2
    --- finished re-building ‘advanced.Rmd’
    
    --- re-building ‘fixed.Rmd’ using rmarkdown
    Warning in engine$weave(file, quiet = quiet, encoding = enc) :
     Pandoc (>= 1.12.3) and/or pandoc-citeproc not available. Falling back to R Markdown v1.
    --- finished re-building ‘fixed.Rmd’
    
    --- re-building ‘hiv.Rmd’ using rmarkdown
    Warning in engine$weave(file, quiet = quiet, encoding = enc) :
     Pandoc (>= 1.12.3) and/or pandoc-citeproc not available. Falling back to R Markdown v1.
    Quitting from lines 40-47 (hiv.Rmd)
    Error: processing vignette 'hiv.Rmd' failed with diagnostics:
    cannot open the connection to 'http://hivdb.stanford.edu/pages/published_analysis/genophenoPNAS2006/MUTATIONLISTS/NP_TSM/PI'
    --- failed re-building ‘hiv.Rmd’
    
    --- re-building ‘knockoff.Rmd’ using rmarkdown
    Warning in engine$weave(file, quiet = quiet, encoding = enc) :
     Pandoc (>= 1.12.3) and/or pandoc-citeproc not available. Falling back to R Markdown v1.
    Loading required package: Matrix
    Loaded glmnet 4.0-2
    
    Execution halted
    SUMMARY: processing the following files failed:
     ‘hiv.Rmd’ ‘knockoff.Rmd’
    
    Error: Vignette re-building failed.
    Execution halted
Flavor: r-oldrel-macos-x86_64

Version: 0.3.3
Check: PDF version of manual
Result: FAIL
Flavor: r-oldrel-macos-x86_64