CRAN Package Check Results for Package knitLatex

Last updated on 2022-08-13 15:53:53 CEST.

Flavor Version Tinstall Tcheck Ttotal Status Flags
r-devel-linux-x86_64-debian-clang 0.9.0 2.20 28.19 30.39 NOTE
r-devel-linux-x86_64-debian-gcc 0.9.0 1.76 22.35 24.11 NOTE
r-devel-linux-x86_64-fedora-clang 0.9.0 47.36 NOTE
r-devel-linux-x86_64-fedora-gcc 0.9.0 45.65 NOTE
r-devel-windows-x86_64 0.9.0 12.00 60.00 72.00 NOTE
r-patched-linux-x86_64 0.9.0 2.11 27.63 29.74 NOTE
r-release-linux-x86_64 0.9.0 2.33 27.34 29.67 NOTE
r-release-macos-arm64 0.9.0 20.00 NOTE
r-release-macos-x86_64 0.9.0 24.00 NOTE
r-release-windows-x86_64 0.9.0 18.00 61.00 79.00 NOTE
r-oldrel-macos-arm64 0.9.0 21.00 NOTE
r-oldrel-macos-x86_64 0.9.0 30.00 NOTE
r-oldrel-windows-ix86+x86_64 0.9.0 6.00 40.00 46.00 NOTE

Check Details

Version: 0.9.0
Check: LazyData
Result: NOTE
     'LazyData' is specified without a 'data' directory
Flavors: r-devel-linux-x86_64-debian-clang, r-devel-linux-x86_64-debian-gcc, r-devel-linux-x86_64-fedora-clang, r-devel-linux-x86_64-fedora-gcc, r-devel-windows-x86_64, r-patched-linux-x86_64, r-release-linux-x86_64, r-release-macos-arm64, r-release-macos-x86_64, r-release-windows-x86_64, r-oldrel-macos-arm64, r-oldrel-macos-x86_64, r-oldrel-windows-ix86+x86_64