CRAN Package Check Results for Package klsh

Last updated on 2022-08-10 15:51:27 CEST.

Flavor Version Tinstall Tcheck Ttotal Status Flags
r-devel-linux-x86_64-debian-clang 0.1.0 3.17 239.35 242.52 NOTE
r-devel-linux-x86_64-debian-gcc 0.1.0 2.31 169.73 172.04 NOTE
r-devel-linux-x86_64-fedora-clang 0.1.0 277.65 NOTE
r-devel-linux-x86_64-fedora-gcc 0.1.0 285.20 NOTE
r-devel-windows-x86_64 0.1.0 9.00 269.00 278.00 NOTE
r-patched-linux-x86_64 0.1.0 2.64 223.65 226.29 NOTE
r-release-linux-x86_64 0.1.0 NOTE
r-release-macos-arm64 0.1.0 74.00 NOTE
r-release-macos-x86_64 0.1.0 110.00 NOTE
r-release-windows-x86_64 0.1.0 10.00 268.00 278.00 NOTE
r-oldrel-macos-arm64 0.1.0 103.00 NOTE
r-oldrel-macos-x86_64 0.1.0 158.00 NOTE
r-oldrel-windows-ix86+x86_64 0.1.0 7.00 269.00 276.00 NOTE

Check Details

Version: 0.1.0
Check: LazyData
Result: NOTE
     'LazyData' is specified without a 'data' directory
Flavors: r-devel-linux-x86_64-debian-clang, r-devel-linux-x86_64-debian-gcc, r-devel-linux-x86_64-fedora-clang, r-devel-linux-x86_64-fedora-gcc, r-devel-windows-x86_64, r-patched-linux-x86_64, r-release-linux-x86_64, r-release-macos-arm64, r-release-macos-x86_64, r-release-windows-x86_64, r-oldrel-macos-arm64, r-oldrel-macos-x86_64, r-oldrel-windows-ix86+x86_64

Version: 0.1.0
Check: dependencies in R code
Result: NOTE
    Namespaces in Imports field not imported from:
     ‘Rcpp’ ‘SnowballC’ ‘stringi’
     All declared Imports should be used.
Flavors: r-devel-linux-x86_64-fedora-clang, r-devel-linux-x86_64-fedora-gcc, r-release-macos-arm64, r-release-macos-x86_64, r-oldrel-macos-arm64, r-oldrel-macos-x86_64