CRAN Package Check Results for Package klausuR

Last updated on 2020-09-22 03:49:27 CEST.

Flavor Version Tinstall Tcheck Ttotal Status Flags
r-devel-linux-x86_64-debian-clang 0.12-10 6.86 45.37 52.23 NOTE
r-devel-linux-x86_64-debian-gcc 0.12-10 0.33 2.09 2.42 ERROR
r-devel-linux-x86_64-fedora-clang 0.12-10 71.84 NOTE
r-devel-linux-x86_64-fedora-gcc 0.12-10 63.43 NOTE
r-devel-windows-ix86+x86_64 0.12-10 16.00 58.00 74.00 NOTE
r-patched-linux-x86_64 0.12-10 6.85 44.49 51.34 NOTE
r-patched-solaris-x86 0.12-10 86.90 NOTE
r-release-linux-x86_64 0.12-10 6.32 44.64 50.96 NOTE
r-release-macos-x86_64 0.12-10 NOTE
r-release-windows-ix86+x86_64 0.12-10 16.00 52.00 68.00 NOTE
r-oldrel-macos-x86_64 0.12-10 NOTE
r-oldrel-windows-ix86+x86_64 0.12-10 8.00 63.00 71.00 NOTE

Check Details

Version: 0.12-10
Check: package dependencies
Result: NOTE
    Package which this enhances but not available for checking: 'rkward'
Flavors: r-devel-linux-x86_64-debian-clang, r-devel-linux-x86_64-debian-gcc, r-devel-linux-x86_64-fedora-clang, r-devel-linux-x86_64-fedora-gcc, r-devel-windows-ix86+x86_64, r-patched-linux-x86_64, r-patched-solaris-x86, r-release-linux-x86_64, r-release-macos-x86_64, r-release-windows-ix86+x86_64, r-oldrel-macos-x86_64, r-oldrel-windows-ix86+x86_64

Version: 0.12-10
Check: R code for possible problems
Result: NOTE
    distrct.analysis : <anonymous> : <anonymous>: no visible global
     function definition for 'cor'
    grand.table: no visible global function definition for 'write.csv2'
    grand.table: no visible global function definition for 'write.csv'
    klausur: no visible global function definition for 'sd'
    klausur: no visible global function definition for 'na.omit'
    klausur.gen.marks : suggestion : <anonymous>: no visible global
     function definition for 'qnorm'
    klausur.mufo: no visible global function definition for 'sd'
    klausur.report: no visible global function definition for 'dev.off'
    klausur.report : tabellenbau: no visible global function definition for
     'capture.output'
    plot,klausuR-missing: no visible global function definition for
     'na.omit'
    plot,klausuR-missing: no visible global function definition for 'sd'
    plot,klausuR-missing : <anonymous>: no visible global function
     definition for 'dnorm'
    Undefined global functions or variables:
     capture.output cor dev.off dnorm na.omit qnorm sd write.csv
     write.csv2
    Consider adding
     importFrom("grDevices", "dev.off")
     importFrom("stats", "cor", "dnorm", "na.omit", "qnorm", "sd")
     importFrom("utils", "capture.output", "write.csv", "write.csv2")
    to your NAMESPACE file.
Flavors: r-devel-linux-x86_64-debian-clang, r-devel-linux-x86_64-fedora-clang, r-devel-linux-x86_64-fedora-gcc, r-devel-windows-ix86+x86_64, r-patched-linux-x86_64, r-patched-solaris-x86, r-release-linux-x86_64, r-release-macos-x86_64, r-release-windows-ix86+x86_64, r-oldrel-macos-x86_64, r-oldrel-windows-ix86+x86_64

Version: 0.12-10
Check: whether package can be installed
Result: ERROR
    Installation failed.
Flavor: r-devel-linux-x86_64-debian-gcc

Version: 0.12-10
Check: data for non-ASCII characters
Result: NOTE
     Note: found 8 marked UTF-8 strings
Flavors: r-devel-linux-x86_64-fedora-clang, r-devel-linux-x86_64-fedora-gcc, r-patched-solaris-x86, r-release-macos-x86_64, r-oldrel-macos-x86_64