CRAN Package Check Results for Package kknn

Last updated on 2022-06-26 03:50:04 CEST.

Flavor Version Tinstall Tcheck Ttotal Status Flags
r-devel-linux-x86_64-debian-clang 1.3.1 8.97 78.61 87.58 OK
r-devel-linux-x86_64-debian-gcc 1.3.1 6.99 58.98 65.97 OK
r-devel-linux-x86_64-fedora-clang 1.3.1 113.06 NOTE
r-devel-linux-x86_64-fedora-gcc 1.3.1 113.38 NOTE
r-devel-windows-x86_64 1.3.1 16.00 99.00 115.00 OK
r-patched-linux-x86_64 1.3.1 11.75 74.39 86.14 OK
r-release-linux-x86_64 1.3.1 9.53 76.56 86.09 OK
r-release-macos-arm64 1.3.1 35.00 OK
r-release-macos-x86_64 1.3.1 47.00 OK
r-release-windows-x86_64 1.3.1 18.00 105.00 123.00 OK
r-oldrel-macos-arm64 1.3.1 37.00 OK
r-oldrel-macos-x86_64 1.3.1 66.00 OK
r-oldrel-windows-ix86+x86_64 1.3.1 20.00 120.00 140.00 OK

Check Details

Version: 1.3.1
Check: compiled code
Result: NOTE
    File ‘kknn/libs/kknn.so’:
     Found no calls to: ‘R_registerRoutines’, ‘R_useDynamicSymbols’
    
    It is good practice to register native routines and to disable symbol
    search.
    
    See ‘Writing portable packages’ in the ‘Writing R Extensions’ manual.
Flavors: r-devel-linux-x86_64-fedora-clang, r-devel-linux-x86_64-fedora-gcc