CRAN Package Check Results for Package kfda

Last updated on 2022-07-04 15:54:44 CEST.

Flavor Version Tinstall Tcheck Ttotal Status Flags
r-devel-linux-x86_64-debian-clang 1.0.0 4.36 43.93 48.29 NOTE
r-devel-linux-x86_64-debian-gcc 1.0.0 3.40 33.51 36.91 NOTE
r-devel-linux-x86_64-fedora-clang 1.0.0 67.85 NOTE
r-devel-linux-x86_64-fedora-gcc 1.0.0 67.21 NOTE
r-devel-windows-x86_64 1.0.0 9.00 62.00 71.00 NOTE
r-patched-linux-x86_64 1.0.0 4.19 42.21 46.40 NOTE
r-release-linux-x86_64 1.0.0 4.90 42.37 47.27 NOTE
r-release-macos-arm64 1.0.0 21.00 NOTE
r-release-macos-x86_64 1.0.0 29.00 NOTE
r-release-windows-x86_64 1.0.0 9.00 67.00 76.00 NOTE
r-oldrel-macos-arm64 1.0.0 22.00 NOTE
r-oldrel-macos-x86_64 1.0.0 41.00 NOTE
r-oldrel-windows-ix86+x86_64 1.0.0 11.00 61.00 72.00 NOTE

Check Details

Version: 1.0.0
Check: LazyData
Result: NOTE
     'LazyData' is specified without a 'data' directory
Flavors: r-devel-linux-x86_64-debian-clang, r-devel-linux-x86_64-debian-gcc, r-devel-linux-x86_64-fedora-clang, r-devel-linux-x86_64-fedora-gcc, r-devel-windows-x86_64, r-patched-linux-x86_64, r-release-linux-x86_64, r-release-macos-arm64, r-release-macos-x86_64, r-release-windows-x86_64, r-oldrel-macos-arm64, r-oldrel-macos-x86_64, r-oldrel-windows-ix86+x86_64