CRAN Package Check Results for Package kfa

Last updated on 2022-06-26 03:50:04 CEST.

Flavor Version Tinstall Tcheck Ttotal Status Flags
r-devel-linux-x86_64-debian-clang 0.2.0 26.89 212.81 239.70 OK
r-devel-linux-x86_64-debian-gcc 0.2.0 23.70 161.55 185.25 OK
r-devel-linux-x86_64-fedora-clang 0.2.0 310.20 WARN
r-devel-linux-x86_64-fedora-gcc 0.2.0 290.19 WARN
r-devel-windows-x86_64 0.2.0 38.00 231.00 269.00 OK
r-patched-linux-x86_64 0.2.0 23.32 206.26 229.58 OK
r-release-linux-x86_64 0.2.0 26.71 203.79 230.50 OK
r-release-macos-arm64 0.2.0 76.00 OK
r-release-macos-x86_64 0.2.0 133.00 OK
r-release-windows-x86_64 0.2.0 35.00 222.00 257.00 OK
r-oldrel-macos-arm64 0.2.0 53.00 OK
r-oldrel-macos-x86_64 0.2.0 97.00 OK
r-oldrel-windows-ix86+x86_64 0.2.0 60.00 228.00 288.00 OK

Check Details

Version: 0.2.0
Check: package dependencies
Result: WARN
    Requires (indirectly) orphaned package: ‘gtools’
Flavors: r-devel-linux-x86_64-fedora-clang, r-devel-linux-x86_64-fedora-gcc