Last updated on 2022-07-06 15:49:01 CEST.
Flavor | Version | Tinstall | Tcheck | Ttotal | Status | Flags |
---|---|---|---|---|---|---|
r-devel-linux-x86_64-debian-clang | 0.1.0 | 6.82 | 61.70 | 68.52 | NOTE | |
r-devel-linux-x86_64-debian-gcc | 0.1.0 | 4.91 | 47.12 | 52.03 | NOTE | |
r-devel-linux-x86_64-fedora-clang | 0.1.0 | 91.56 | NOTE | |||
r-devel-linux-x86_64-fedora-gcc | 0.1.0 | 90.92 | NOTE | |||
r-devel-windows-x86_64 | 0.1.0 | 12.00 | 85.00 | 97.00 | NOTE | |
r-patched-linux-x86_64 | 0.1.0 | 6.61 | 58.56 | 65.17 | NOTE | |
r-release-linux-x86_64 | 0.1.0 | 5.12 | 58.38 | 63.50 | NOTE | |
r-release-macos-arm64 | 0.1.0 | 26.00 | NOTE | |||
r-release-macos-x86_64 | 0.1.0 | 38.00 | NOTE | |||
r-release-windows-x86_64 | 0.1.0 | 13.00 | 95.00 | 108.00 | NOTE | |
r-oldrel-macos-arm64 | 0.1.0 | 36.00 | NOTE | |||
r-oldrel-macos-x86_64 | 0.1.0 | 50.00 | NOTE | |||
r-oldrel-windows-ix86+x86_64 | 0.1.0 | 15.00 | 96.00 | 111.00 | NOTE |
Version: 0.1.0
Check: LazyData
Result: NOTE
'LazyData' is specified without a 'data' directory
Flavors: r-devel-linux-x86_64-debian-clang, r-devel-linux-x86_64-debian-gcc, r-devel-linux-x86_64-fedora-clang, r-devel-linux-x86_64-fedora-gcc, r-devel-windows-x86_64, r-patched-linux-x86_64, r-release-linux-x86_64, r-release-macos-arm64, r-release-macos-x86_64, r-release-windows-x86_64, r-oldrel-macos-arm64, r-oldrel-macos-x86_64, r-oldrel-windows-ix86+x86_64