CRAN Package Check Results for Package kergp

Last updated on 2020-07-13 15:48:32 CEST.

Flavor Version Tinstall Tcheck Ttotal Status Flags
r-devel-linux-x86_64-debian-clang 0.5.1 17.09 91.14 108.23 OK
r-devel-linux-x86_64-debian-gcc 0.5.1 13.04 68.66 81.70 OK
r-devel-linux-x86_64-fedora-clang 0.5.1 135.74 OK
r-devel-linux-x86_64-fedora-gcc 0.5.1 129.12 OK
r-devel-windows-ix86+x86_64 0.5.1 38.00 200.00 238.00 OK
r-patched-linux-x86_64 0.5.1 14.82 89.28 104.10 OK
r-patched-solaris-x86 0.5.1 166.00 OK
r-release-linux-x86_64 0.5.1 14.63 91.58 106.21 OK
r-release-macos-x86_64 0.5.1 ERROR
r-release-windows-ix86+x86_64 0.5.1 55.00 150.00 205.00 OK
r-oldrel-macos-x86_64 0.5.1 OK
r-oldrel-windows-ix86+x86_64 0.5.1 46.00 128.00 174.00 OK

Additional issues

rchk

Check Details

Version: 0.5.1
Check: whether package can be installed
Result: ERROR
    Installation failed.
Flavor: r-release-macos-x86_64