CRAN Package Check Results for Package kdtools

Last updated on 2020-10-31 03:52:45 CET.

Flavor Version Tinstall Tcheck Ttotal Status Flags
r-devel-linux-x86_64-debian-clang 0.4.2 253.41 145.22 398.63 OK
r-devel-linux-x86_64-debian-gcc 0.4.2 86.15 96.91 183.06 OK
r-devel-linux-x86_64-fedora-clang 0.4.2 312.97 NOTE
r-devel-linux-x86_64-fedora-gcc 0.4.2 301.08 OK
r-devel-windows-ix86+x86_64 0.4.2 196.00 149.00 345.00 NOTE
r-patched-linux-x86_64 0.4.2 101.95 128.91 230.86 OK
r-patched-solaris-x86 0.4.2 370.30 OK
r-release-linux-x86_64 0.4.2 95.76 130.36 226.12 OK
r-release-macos-x86_64 0.4.2 NOTE
r-release-windows-ix86+x86_64 0.4.2 164.00 191.00 355.00 NOTE
r-oldrel-macos-x86_64 0.4.2 NOTE
r-oldrel-windows-ix86+x86_64 0.4.2 199.00 130.00 329.00 NOTE

Check Details

Version: 0.4.2
Check: installed package size
Result: NOTE
     installed size is 15.9Mb
     sub-directories of 1Mb or more:
     libs 14.5Mb
Flavors: r-devel-linux-x86_64-fedora-clang, r-devel-windows-ix86+x86_64, r-release-macos-x86_64, r-release-windows-ix86+x86_64, r-oldrel-macos-x86_64, r-oldrel-windows-ix86+x86_64