Last updated on 2023-02-08 04:07:06 CET.
Flavor | Version | Tinstall | Tcheck | Ttotal | Status | Flags |
---|---|---|---|---|---|---|
r-devel-linux-x86_64-debian-clang | 1.0.5 | 47.82 | 34.88 | 82.70 | NOTE | |
r-devel-linux-x86_64-debian-gcc | 1.0.5 | 34.47 | 27.07 | 61.54 | NOTE | |
r-devel-linux-x86_64-fedora-clang | 1.0.5 | 109.42 | NOTE | |||
r-devel-linux-x86_64-fedora-gcc | 1.0.5 | 113.07 | NOTE | |||
r-devel-windows-x86_64 | 1.0.5 | 52.00 | 80.00 | 132.00 | NOTE | |
r-patched-linux-x86_64 | 1.0.5 | 39.91 | 32.81 | 72.72 | OK | |
r-release-linux-x86_64 | 1.0.5 | 42.34 | 33.34 | 75.68 | OK | |
r-release-macos-arm64 | 1.0.5 | 37.00 | NOTE | |||
r-release-macos-x86_64 | 1.0.5 | 47.00 | NOTE | |||
r-release-windows-x86_64 | 1.0.5 | 62.00 | 89.00 | 151.00 | OK | |
r-oldrel-macos-arm64 | 1.0.5 | 36.00 | NOTE | |||
r-oldrel-macos-x86_64 | 1.0.5 | 51.00 | NOTE | |||
r-oldrel-windows-ix86+x86_64 | 1.0.5 | 105.00 | 89.00 | 194.00 | OK |
Version: 1.0.5
Check: C++ specification
Result: NOTE
Specified C++11: please update to current default of C++17
Flavors: r-devel-linux-x86_64-debian-clang, r-devel-windows-x86_64
Version: 1.0.5
Check: C++ specification
Result: NOTE
Specified C++11: please drop specification unless essential
Flavors: r-devel-linux-x86_64-debian-gcc, r-devel-linux-x86_64-fedora-clang, r-devel-linux-x86_64-fedora-gcc
Version: 1.0.5
Check: installed package size
Result: NOTE
installed size is 15.9Mb
sub-directories of 1Mb or more:
libs 15.8Mb
Flavors: r-release-macos-arm64, r-release-macos-x86_64, r-oldrel-macos-arm64, r-oldrel-macos-x86_64