CRAN Package Check Results for Package kde1d

Last updated on 2022-06-30 03:53:26 CEST.

Flavor Version Tinstall Tcheck Ttotal Status Flags
r-devel-linux-x86_64-debian-clang 1.0.4 44.70 33.59 78.29 OK
r-devel-linux-x86_64-debian-gcc 1.0.4 33.97 26.51 60.48 OK
r-devel-linux-x86_64-fedora-clang 1.0.4 124.03 NOTE
r-devel-linux-x86_64-fedora-gcc 1.0.4 114.79 OK
r-devel-windows-x86_64 1.0.4 48.00 78.00 126.00 OK
r-patched-linux-x86_64 1.0.4 35.35 33.33 68.68 OK
r-release-linux-x86_64 1.0.4 40.35 33.60 73.95 OK
r-release-macos-arm64 1.0.4 35.00 NOTE
r-release-macos-x86_64 1.0.4 45.00 NOTE
r-release-windows-x86_64 1.0.4 38.00 81.00 119.00 OK
r-oldrel-macos-arm64 1.0.4 32.00 NOTE
r-oldrel-macos-x86_64 1.0.4 43.00 NOTE
r-oldrel-windows-ix86+x86_64 1.0.4 106.00 82.00 188.00 OK

Check Details

Version: 1.0.4
Check: installed package size
Result: NOTE
     installed size is 13.6Mb
     sub-directories of 1Mb or more:
     libs 13.4Mb
Flavors: r-devel-linux-x86_64-fedora-clang, r-release-macos-arm64, r-release-macos-x86_64, r-oldrel-macos-arm64, r-oldrel-macos-x86_64