CRAN Package Check Results for Package kde1d

Last updated on 2024-03-02 04:08:08 CET.

Flavor Version Tinstall Tcheck Ttotal Status Flags
r-devel-linux-x86_64-debian-clang 1.0.7 51.07 33.10 84.17 OK
r-devel-linux-x86_64-debian-gcc 1.0.7 40.26 26.71 66.97 OK
r-devel-linux-x86_64-fedora-clang 1.0.7 107.62 OK
r-devel-linux-x86_64-fedora-gcc 1.0.7 117.14 OK
r-devel-windows-x86_64 1.0.7 37.00 70.00 107.00 OK
r-patched-linux-x86_64 1.0.7 46.31 34.05 80.36 OK
r-release-linux-x86_64 1.0.7 47.73 34.07 81.80 OK
r-release-macos-arm64 1.0.7 36.00 NOTE
r-release-macos-x86_64 1.0.7 69.00 NOTE
r-release-windows-x86_64 1.0.7 47.00 79.00 126.00 OK
r-oldrel-macos-arm64 1.0.7 34.00 NOTE
r-oldrel-windows-x86_64 1.0.7 46.00 73.00 119.00 OK

Check Details

Version: 1.0.7
Check: installed package size
Result: NOTE installed size is 14.5Mb sub-directories of 1Mb or more: libs 14.4Mb Flavors: r-release-macos-arm64, r-release-macos-x86_64, r-oldrel-macos-arm64