CRAN Package Check Results for Package kSamples

Last updated on 2022-10-07 15:52:59 CEST.

Flavor Version Tinstall Tcheck Ttotal Status Flags
r-devel-linux-x86_64-debian-clang 1.2-9 6.45 43.97 50.42 OK
r-devel-linux-x86_64-debian-gcc 1.2-9 5.29 33.16 38.45 NOTE
r-devel-linux-x86_64-fedora-clang 1.2-9 75.99 OK
r-devel-linux-x86_64-fedora-gcc 1.2-9 70.66 OK
r-devel-windows-x86_64 1.2-9 18.00 83.00 101.00 OK
r-patched-linux-x86_64 1.2-9 6.77 40.42 47.19 OK
r-release-linux-x86_64 1.2-9 6.67 42.04 48.71 OK
r-release-macos-arm64 1.2-9 20.00 OK
r-release-macos-x86_64 1.2-9 29.00 OK
r-release-windows-x86_64 1.2-9 21.00 77.00 98.00 OK
r-oldrel-macos-arm64 1.2-9 32.00 OK
r-oldrel-macos-x86_64 1.2-9 40.00 OK
r-oldrel-windows-ix86+x86_64 1.2-9 15.00 70.00 85.00 OK

Check Details

Version: 1.2-9
Check: compilation flags used
Result: NOTE
    Compilation used the following non-portable flag(s):
     ‘-Wstrict-prototypes’
Flavor: r-devel-linux-x86_64-debian-gcc