CRAN Package Check Results for Package justifier

Last updated on 2022-08-13 04:57:50 CEST.

Flavor Version Tinstall Tcheck Ttotal Status Flags
r-devel-linux-x86_64-debian-clang 0.2.4 5.17 94.86 100.03 OK
r-devel-linux-x86_64-debian-gcc 0.2.4 4.37 73.17 77.54 OK
r-devel-linux-x86_64-fedora-clang 0.2.4 130.71 NOTE
r-devel-linux-x86_64-fedora-gcc 0.2.4 136.57 OK
r-devel-windows-x86_64 0.2.4 59.00 132.00 191.00 OK
r-patched-linux-x86_64 0.2.4 3.84 78.79 82.63 OK
r-release-linux-x86_64 0.2.4 3.87 92.55 96.42 OK
r-release-macos-arm64 0.2.4 43.00 OK
r-release-macos-x86_64 0.2.4 52.00 OK
r-release-windows-x86_64 0.2.4 61.00 133.00 194.00 OK
r-oldrel-macos-arm64 0.2.4 38.00 OK
r-oldrel-macos-x86_64 0.2.4 54.00 OK
r-oldrel-windows-ix86+x86_64 0.2.4 13.00 139.00 152.00 OK

Check Details

Version: 0.2.4
Check: Rd cross-references
Result: NOTE
    Undeclared package ‘ggplot2’ in Rd xrefs
Flavor: r-devel-linux-x86_64-fedora-clang