Last updated on 2023-02-08 04:07:06 CET.
Flavor | Version | Tinstall | Tcheck | Ttotal | Status | Flags |
---|---|---|---|---|---|---|
r-devel-linux-x86_64-debian-clang | 0.2.4 | 6.20 | 108.83 | 115.03 | OK | |
r-devel-linux-x86_64-debian-gcc | 0.2.4 | 5.48 | 81.08 | 86.56 | OK | |
r-devel-linux-x86_64-fedora-clang | 0.2.4 | 134.13 | NOTE | |||
r-devel-linux-x86_64-fedora-gcc | 0.2.4 | 148.23 | OK | |||
r-devel-windows-x86_64 | 0.2.4 | 47.00 | 158.00 | 205.00 | OK | |
r-patched-linux-x86_64 | 0.2.4 | 4.92 | 102.10 | 107.02 | OK | |
r-release-linux-x86_64 | 0.2.4 | 5.47 | 99.19 | 104.66 | OK | |
r-release-macos-arm64 | 0.2.4 | 43.00 | OK | |||
r-release-macos-x86_64 | 0.2.4 | 52.00 | OK | |||
r-release-windows-x86_64 | 0.2.4 | 54.00 | 147.00 | 201.00 | OK | |
r-oldrel-macos-arm64 | 0.2.4 | 38.00 | OK | |||
r-oldrel-macos-x86_64 | 0.2.4 | 54.00 | OK | |||
r-oldrel-windows-ix86+x86_64 | 0.2.4 | 13.00 | 159.00 | 172.00 | OK |
Version: 0.2.4
Check: Rd cross-references
Result: NOTE
Undeclared package ‘ggplot2’ in Rd xrefs
Flavor: r-devel-linux-x86_64-fedora-clang