Last updated on 2023-03-26 15:52:36 CEST.
Flavor | Version | Tinstall | Tcheck | Ttotal | Status | Flags |
---|---|---|---|---|---|---|
r-devel-linux-x86_64-debian-clang | 0.1.0 | 2.02 | 22.00 | 24.02 | OK | |
r-devel-linux-x86_64-debian-gcc | 0.1.0 | 1.39 | 17.54 | 18.93 | OK | |
r-devel-linux-x86_64-fedora-clang | 0.1.0 | 32.29 | OK | |||
r-devel-linux-x86_64-fedora-gcc | 0.1.0 | 28.79 | OK | |||
r-patched-linux-x86_64 | 0.1.0 | 1.84 | 21.34 | 23.18 | OK | |
r-release-linux-x86_64 | 0.1.0 | 1.43 | 22.90 | 24.33 | OK | |
r-release-macos-arm64 | 0.1.0 | 17.00 | OK | |||
r-release-macos-x86_64 | 0.1.0 | 21.00 | OK | |||
r-release-windows-x86_64 | 0.1.0 | 10.00 | 54.00 | 64.00 | OK | |
r-oldrel-macos-arm64 | 0.1.0 | 19.00 | OK | |||
r-oldrel-macos-x86_64 | 0.1.0 | 23.00 | OK | |||
r-oldrel-windows-ix86+x86_64 | 0.1.0 | 5.00 | 48.00 | 53.00 | NOTE |
Version: 0.1.0
Check: dependencies in R code
Result: NOTE
Initiating curl with CURL_SSL_BACKEND: openssl
Flavor: r-oldrel-windows-ix86+x86_64