CRAN Package Check Results for Package jtrans

Last updated on 2020-11-25 15:51:59 CET.

Flavor Version Tinstall Tcheck Ttotal Status Flags
r-devel-linux-x86_64-debian-clang 0.2.1 2.58 22.25 24.83 NOTE
r-devel-linux-x86_64-debian-gcc 0.2.1 1.89 20.18 22.07 NOTE
r-devel-linux-x86_64-fedora-clang 0.2.1 36.89 NOTE
r-devel-linux-x86_64-fedora-gcc 0.2.1 27.20 NOTE
r-devel-windows-ix86+x86_64 0.2.1 4.00 43.00 47.00 NOTE
r-patched-linux-x86_64 0.2.1 2.37 21.81 24.18 NOTE
r-patched-solaris-x86 0.2.1 41.60 NOTE
r-release-linux-x86_64 0.2.1 2.51 22.57 25.08 NOTE
r-release-macos-x86_64 0.2.1 NOTE
r-release-windows-ix86+x86_64 0.2.1 4.00 36.00 40.00 NOTE
r-oldrel-macos-x86_64 0.2.1 NOTE
r-oldrel-windows-ix86+x86_64 0.2.1 3.00 35.00 38.00 NOTE

Check Details

Version: 0.2.1
Check: R code for possible problems
Result: NOTE
    qtls: no visible global function definition for 'quantile'
    qtls: no visible global function definition for 'pnorm'
    Undefined global functions or variables:
     pnorm quantile
    Consider adding
     importFrom("stats", "pnorm", "quantile")
    to your NAMESPACE file.
Flavors: r-devel-linux-x86_64-debian-clang, r-devel-linux-x86_64-debian-gcc, r-devel-linux-x86_64-fedora-clang, r-devel-linux-x86_64-fedora-gcc, r-devel-windows-ix86+x86_64, r-patched-linux-x86_64, r-patched-solaris-x86, r-release-linux-x86_64, r-release-macos-x86_64, r-release-windows-ix86+x86_64, r-oldrel-macos-x86_64, r-oldrel-windows-ix86+x86_64