Last updated on 2022-06-29 15:49:56 CEST.
Flavor | Version | Tinstall | Tcheck | Ttotal | Status | Flags |
---|---|---|---|---|---|---|
r-devel-linux-x86_64-debian-clang | 1.0.7 | 19.00 | 203.74 | 222.74 | OK | |
r-devel-linux-x86_64-debian-gcc | 1.0.7 | 16.01 | 150.19 | 166.20 | OK | |
r-devel-linux-x86_64-fedora-clang | 1.0.7 | 274.41 | WARN | |||
r-devel-linux-x86_64-fedora-gcc | 1.0.7 | 268.53 | WARN | |||
r-devel-windows-x86_64 | 1.0.7 | 40.00 | 234.00 | 274.00 | OK | |
r-patched-linux-x86_64 | 1.0.7 | 16.90 | 195.08 | 211.98 | OK | |
r-release-linux-x86_64 | 1.0.7 | 15.19 | 195.27 | 210.46 | OK | |
r-release-macos-arm64 | 1.0.7 | 70.00 | OK | |||
r-release-macos-x86_64 | 1.0.7 | 119.00 | OK | |||
r-release-windows-x86_64 | 1.0.7 | 46.00 | 229.00 | 275.00 | OK | |
r-oldrel-macos-arm64 | 1.0.7 | 72.00 | OK | |||
r-oldrel-macos-x86_64 | 1.0.7 | 92.00 | OK | |||
r-oldrel-windows-ix86+x86_64 | 1.0.7 | 39.00 | 231.00 | 270.00 | OK |
Version: 1.0.7
Check: package dependencies
Result: WARN
Requires (indirectly) orphaned package: ‘gtools’
Flavors: r-devel-linux-x86_64-fedora-clang, r-devel-linux-x86_64-fedora-gcc