CRAN Package Check Results for Package jsonlite

Last updated on 2020-09-21 16:07:06 CEST.

Flavor Version Tinstall Tcheck Ttotal Status Flags
r-devel-linux-x86_64-debian-clang 1.7.1 7.13 49.08 56.21 OK
r-devel-linux-x86_64-debian-gcc 1.7.1 6.15 38.30 44.45 OK
r-devel-linux-x86_64-fedora-clang 1.7.1 80.63 OK
r-devel-linux-x86_64-fedora-gcc 1.7.1 72.74 OK
r-devel-windows-ix86+x86_64 1.7.1 37.00 82.00 119.00 OK
r-patched-linux-x86_64 1.7.1 7.33 50.18 57.51 OK
r-patched-solaris-x86 1.7.1 86.80 WARN
r-release-linux-x86_64 1.7.1 5.18 48.96 54.14 OK
r-release-macos-x86_64 1.7.1 OK
r-release-windows-ix86+x86_64 1.7.1 35.00 96.00 131.00 OK
r-oldrel-macos-x86_64 1.7.1 OK
r-oldrel-windows-ix86+x86_64 1.7.1 28.00 67.00 95.00 OK

Check Details

Version: 1.7.1
Check: for unstated dependencies in ‘tests’
Result: WARN
    Warning in deparse(e[[2L]]) :
     it is not known that wchar_t is Unicode on this platform
    Warning in deparse(e[[2L]]) :
     it is not known that wchar_t is Unicode on this platform
    Warning in deparse(e[[2L]]) :
     it is not known that wchar_t is Unicode on this platform
    Warning in deparse(e[[2L]]) :
     it is not known that wchar_t is Unicode on this platform
    Warning in deparse(e[[2L]]) :
     it is not known that wchar_t is Unicode on this platform
    Warning in deparse(e[[2L]]) :
     it is not known that wchar_t is Unicode on this platform
    Warning in deparse(e[[2L]]) :
     it is not known that wchar_t is Unicode on this platform
    Warning in deparse(e[[2L]]) :
     it is not known that wchar_t is Unicode on this platform
    Warning in deparse(e[[2L]]) :
     it is not known that wchar_t is Unicode on this platform
    Warning in deparse(e[[2L]]) :
     it is not known that wchar_t is Unicode on this platform
Flavor: r-patched-solaris-x86