CRAN Package Check Results for Package jsmodule

Last updated on 2020-09-27 03:46:34 CEST.

Flavor Version Tinstall Tcheck Ttotal Status Flags
r-devel-linux-x86_64-debian-clang 1.1.1 35.08 212.98 248.06 OK
r-devel-linux-x86_64-debian-gcc 1.1.1 27.44 160.50 187.94 OK
r-devel-linux-x86_64-fedora-clang 1.1.1 316.42 NOTE
r-devel-linux-x86_64-fedora-gcc 1.1.1 306.57 NOTE
r-devel-windows-ix86+x86_64 1.1.1 68.00 252.00 320.00 OK
r-patched-linux-x86_64 1.1.1 22.44 197.85 220.29 OK
r-patched-solaris-x86 1.1.1 389.50 NOTE
r-release-linux-x86_64 1.1.1 31.95 199.43 231.38 OK
r-release-macos-x86_64 1.1.1 NOTE
r-release-windows-ix86+x86_64 1.1.1 69.00 253.00 322.00 OK
r-oldrel-macos-x86_64 1.1.1 NOTE
r-oldrel-windows-ix86+x86_64 1.1.1 58.00 232.00 290.00 OK

Check Details

Version: 1.1.1
Check: package dependencies
Result: NOTE
    Imports includes 31 non-default packages.
    Importing from so many packages makes the package vulnerable to any of
    them becoming unavailable. Move as many as possible to Suggests and
    use conditionally.
Flavor: r-devel-linux-x86_64-fedora-clang

Version: 1.1.1
Check: dependencies in R code
Result: NOTE
    Namespaces in Imports field not imported from:
     ‘Cairo’ ‘survC1’
     All declared Imports should be used.
Flavors: r-devel-linux-x86_64-fedora-clang, r-devel-linux-x86_64-fedora-gcc, r-patched-solaris-x86, r-release-macos-x86_64, r-oldrel-macos-x86_64