CRAN Package Check Results for Package jpmesh

Last updated on 2022-08-09 15:56:17 CEST.

Flavor Version Tinstall Tcheck Ttotal Status Flags
r-devel-linux-x86_64-debian-clang 2.1.0 11.82 190.55 202.37 OK
r-devel-linux-x86_64-debian-gcc 2.1.0 10.80 144.90 155.70 OK
r-devel-linux-x86_64-fedora-clang 2.1.0 247.90 NOTE
r-devel-linux-x86_64-fedora-gcc 2.1.0 246.17 NOTE
r-devel-windows-x86_64 2.1.0 57.00 232.00 289.00 OK
r-patched-linux-x86_64 2.1.0 12.02 180.74 192.76 OK
r-release-linux-x86_64 2.1.0 OK
r-release-macos-arm64 2.1.0 62.00 NOTE
r-release-macos-x86_64 2.1.0 133.00 NOTE
r-release-windows-x86_64 2.1.0 57.00 232.00 289.00 OK
r-oldrel-macos-arm64 2.1.0 63.00 NOTE
r-oldrel-macos-x86_64 2.1.0 89.00 NOTE
r-oldrel-windows-ix86+x86_64 2.1.0 30.00 230.00 260.00 OK

Check Details

Version: 2.1.0
Check: data for non-ASCII characters
Result: NOTE
     Note: found 176 marked UTF-8 strings
Flavors: r-devel-linux-x86_64-fedora-clang, r-devel-linux-x86_64-fedora-gcc, r-release-macos-arm64, r-release-macos-x86_64, r-oldrel-macos-arm64, r-oldrel-macos-x86_64