CRAN Package Check Results for Package joineRML

Last updated on 2020-09-27 03:46:34 CEST.

Flavor Version Tinstall Tcheck Ttotal Status Flags
r-devel-linux-x86_64-debian-clang 0.4.4 112.95 474.68 587.63 OK
r-devel-linux-x86_64-debian-gcc 0.4.4 86.02 343.76 429.78 OK
r-devel-linux-x86_64-fedora-clang 0.4.4 729.87 NOTE
r-devel-linux-x86_64-fedora-gcc 0.4.4 713.17 OK
r-devel-windows-ix86+x86_64 0.4.4 261.00 920.00 1181.00 OK
r-patched-linux-x86_64 0.4.4 90.95 457.45 548.40 OK
r-patched-solaris-x86 0.4.4 886.80 OK
r-release-linux-x86_64 0.4.4 90.03 448.62 538.65 OK
r-release-macos-x86_64 0.4.4 NOTE
r-release-windows-ix86+x86_64 0.4.4 234.00 922.00 1156.00 OK
r-oldrel-macos-x86_64 0.4.4 NOTE
r-oldrel-windows-ix86+x86_64 0.4.4 230.00 895.00 1125.00 OK

Check Details

Version: 0.4.4
Check: installed package size
Result: NOTE
     installed size is 7.6Mb
     sub-directories of 1Mb or more:
     data 1.3Mb
     libs 5.0Mb
Flavors: r-devel-linux-x86_64-fedora-clang, r-release-macos-x86_64, r-oldrel-macos-x86_64