CRAN Package Check Results for Package joinXL

Last updated on 2022-06-30 03:53:26 CEST.

Flavor Version Tinstall Tcheck Ttotal Status Flags
r-devel-linux-x86_64-debian-clang 1.0.1 9.32 76.46 85.78 NOTE
r-devel-linux-x86_64-debian-gcc 1.0.1 6.83 56.98 63.81 NOTE
r-devel-linux-x86_64-fedora-clang 1.0.1 114.43 NOTE
r-devel-linux-x86_64-fedora-gcc 1.0.1 116.46 NOTE
r-devel-windows-x86_64 1.0.1 13.00 95.00 108.00 NOTE
r-patched-linux-x86_64 1.0.1 5.71 71.01 76.72 NOTE
r-release-linux-x86_64 1.0.1 6.49 72.13 78.62 NOTE
r-release-macos-arm64 1.0.1 30.00 NOTE
r-release-macos-x86_64 1.0.1 55.00 NOTE
r-release-windows-x86_64 1.0.1 13.00 105.00 118.00 NOTE
r-oldrel-macos-arm64 1.0.1 41.00 NOTE
r-oldrel-macos-x86_64 1.0.1 50.00 NOTE
r-oldrel-windows-ix86+x86_64 1.0.1 17.00 95.00 112.00 NOTE

Check Details

Version: 1.0.1
Check: LazyData
Result: NOTE
     'LazyData' is specified without a 'data' directory
Flavors: r-devel-linux-x86_64-debian-clang, r-devel-linux-x86_64-debian-gcc, r-devel-linux-x86_64-fedora-clang, r-devel-linux-x86_64-fedora-gcc, r-devel-windows-x86_64, r-patched-linux-x86_64, r-release-linux-x86_64, r-release-macos-arm64, r-release-macos-x86_64, r-release-windows-x86_64, r-oldrel-macos-arm64, r-oldrel-macos-x86_64, r-oldrel-windows-ix86+x86_64