Last updated on 2023-01-29 03:55:17 CET.
Flavor | Version | Tinstall | Tcheck | Ttotal | Status | Flags |
---|---|---|---|---|---|---|
r-devel-linux-x86_64-debian-clang | 0.2.4 | 53.12 | 50.61 | 103.73 | OK | |
r-devel-linux-x86_64-debian-gcc | 0.2.4 | 41.25 | 39.87 | 81.12 | NOTE | |
r-devel-linux-x86_64-fedora-clang | 0.2.4 | 146.65 | OK | |||
r-devel-linux-x86_64-fedora-gcc | 0.2.4 | 150.56 | NOTE | |||
r-devel-windows-x86_64 | 0.2.4 | 55.00 | 103.00 | 158.00 | OK | |
r-patched-linux-x86_64 | 0.2.4 | 44.41 | 49.08 | 93.49 | OK | |
r-release-linux-x86_64 | 0.2.4 | 43.59 | 49.29 | 92.88 | OK | |
r-release-macos-arm64 | 0.2.4 | 40.00 | NOTE | |||
r-release-macos-x86_64 | 0.2.4 | 55.00 | NOTE | |||
r-release-windows-x86_64 | 0.2.4 | 48.00 | 110.00 | 158.00 | OK | |
r-oldrel-macos-arm64 | 0.2.4 | 43.00 | NOTE | |||
r-oldrel-macos-x86_64 | 0.2.4 | 77.00 | NOTE | |||
r-oldrel-windows-ix86+x86_64 | 0.2.4 | 120.00 | 121.00 | 241.00 | OK |
Version: 0.2.4
Check: C++ specification
Result: NOTE
Specified C++11: please update to current default of C++17
Flavors: r-devel-linux-x86_64-debian-gcc, r-devel-linux-x86_64-fedora-gcc
Version: 0.2.4
Check: installed package size
Result: NOTE
installed size is 6.0Mb
sub-directories of 1Mb or more:
libs 4.7Mb
Flavors: r-release-macos-arm64, r-release-macos-x86_64, r-oldrel-macos-arm64, r-oldrel-macos-x86_64