CRAN Package Check Results for Package ivreg

Last updated on 2022-06-26 03:50:03 CEST.

Flavor Version Tinstall Tcheck Ttotal Status Flags
r-devel-linux-x86_64-debian-clang 0.6-1 4.53 171.63 176.16 OK
r-devel-linux-x86_64-debian-gcc 0.6-1 3.86 102.52 106.38 OK
r-devel-linux-x86_64-fedora-clang 0.6-1 177.05 NOTE
r-devel-linux-x86_64-fedora-gcc 0.6-1 192.78 OK
r-devel-windows-x86_64 0.6-1 22.00 185.00 207.00 NOTE
r-patched-linux-x86_64 0.6-1 10.54 132.11 142.65 OK
r-release-linux-x86_64 0.6-1 4.92 132.60 137.52 OK
r-release-macos-arm64 0.6-1 34.00 NOTE
r-release-macos-x86_64 0.6-1 58.00 NOTE
r-release-windows-x86_64 0.6-1 36.00 171.00 207.00 NOTE
r-oldrel-macos-arm64 0.6-1 42.00 NOTE
r-oldrel-macos-x86_64 0.6-1 55.00 NOTE
r-oldrel-windows-ix86+x86_64 0.6-1 11.00 173.00 184.00 NOTE

Check Details

Version: 0.6-1
Check: installed package size
Result: NOTE
     installed size is 5.7Mb
     sub-directories of 1Mb or more:
     doc 5.4Mb
Flavors: r-devel-linux-x86_64-fedora-clang, r-devel-windows-x86_64, r-release-macos-arm64, r-release-macos-x86_64, r-release-windows-x86_64, r-oldrel-macos-arm64, r-oldrel-macos-x86_64, r-oldrel-windows-ix86+x86_64