CRAN Package Check Results for Package ivprobit

Last updated on 2022-07-04 15:54:44 CEST.

Flavor Version Tinstall Tcheck Ttotal Status Flags
r-devel-linux-x86_64-debian-clang 1.1 1.34 22.16 23.50 OK
r-devel-linux-x86_64-debian-gcc 1.1 1.71 17.73 19.44 OK
r-devel-linux-x86_64-fedora-clang 1.1 40.34 NOTE
r-devel-linux-x86_64-fedora-gcc 1.1 40.16 NOTE
r-devel-windows-x86_64 1.1 9.00 47.00 56.00 OK
r-patched-linux-x86_64 1.1 1.62 21.68 23.30 OK
r-release-linux-x86_64 1.1 1.50 21.86 23.36 OK
r-release-macos-arm64 1.1 14.00 NOTE
r-release-macos-x86_64 1.1 22.00 NOTE
r-release-windows-x86_64 1.1 5.00 44.00 49.00 OK
r-oldrel-macos-arm64 1.1 15.00 NOTE
r-oldrel-macos-x86_64 1.1 24.00 NOTE
r-oldrel-windows-ix86+x86_64 1.1 4.00 27.00 31.00 OK

Check Details

Version: 1.1
Check: dependencies in R code
Result: NOTE
    Namespace in Imports field not imported from: ‘methods’
     All declared Imports should be used.
Flavors: r-devel-linux-x86_64-fedora-clang, r-devel-linux-x86_64-fedora-gcc, r-release-macos-arm64, r-release-macos-x86_64, r-oldrel-macos-arm64, r-oldrel-macos-x86_64