CRAN Package Check Results for Package ivpack

Last updated on 2020-10-26 03:48:26 CET.

Flavor Version Tinstall Tcheck Ttotal Status Flags
r-devel-linux-x86_64-debian-clang 1.2 8.93 84.24 93.17 NOTE
r-devel-linux-x86_64-debian-gcc 1.2 7.68 62.46 70.14 NOTE
r-devel-linux-x86_64-fedora-clang 1.2 117.55 NOTE
r-devel-linux-x86_64-fedora-gcc 1.2 107.91 NOTE
r-devel-windows-ix86+x86_64 1.2 22.00 107.00 129.00 NOTE
r-patched-linux-x86_64 1.2 10.93 75.89 86.82 NOTE
r-patched-solaris-x86 1.2 160.00 NOTE
r-release-linux-x86_64 1.2 10.09 77.09 87.18 NOTE
r-release-macos-x86_64 1.2 NOTE
r-release-windows-ix86+x86_64 1.2 16.00 82.00 98.00 NOTE
r-oldrel-macos-x86_64 1.2 NOTE
r-oldrel-windows-ix86+x86_64 1.2 20.00 98.00 118.00 NOTE

Check Details

Version: 1.2
Check: DESCRIPTION meta-information
Result: NOTE
    Malformed Title field: should not end in a period.
Flavors: r-devel-linux-x86_64-debian-clang, r-devel-linux-x86_64-debian-gcc, r-devel-linux-x86_64-fedora-clang, r-devel-linux-x86_64-fedora-gcc, r-devel-windows-ix86+x86_64, r-patched-linux-x86_64, r-patched-solaris-x86, r-release-linux-x86_64, r-release-macos-x86_64, r-release-windows-ix86+x86_64, r-oldrel-macos-x86_64, r-oldrel-windows-ix86+x86_64

Version: 1.2
Check: R code for possible problems
Result: NOTE
    ARsensitivity.ci: no visible global function definition for 'residuals'
    ARsensitivity.ci: no visible global function definition for 'lm'
    ARsensitivity.ci: no visible global function definition for 'qf'
    ARsensitivity.ci: no visible global function definition for 'fitted'
    ARsensitivity.power: no visible global function definition for 'qf'
    ARsensitivity.power: no visible global function definition for 'pf'
    ARsensitivity.size: no visible global function definition for 'qf'
    ARsensitivity.size: no visible global function definition for 'pf'
    anderson.rubin.ci: no visible global function definition for 'qf'
    anderson.rubin.ci: no visible global function definition for 'fitted'
    anderson.rubin.ci: no visible global function definition for 'lm'
    power.iv: no visible global function definition for 'qf'
    power.iv: no visible global function definition for 'pf'
    Undefined global functions or variables:
     fitted lm pf qf residuals
    Consider adding
     importFrom("stats", "fitted", "lm", "pf", "qf", "residuals")
    to your NAMESPACE file.
Flavors: r-devel-linux-x86_64-debian-clang, r-devel-linux-x86_64-debian-gcc, r-devel-linux-x86_64-fedora-clang, r-devel-linux-x86_64-fedora-gcc, r-devel-windows-ix86+x86_64, r-patched-linux-x86_64, r-patched-solaris-x86, r-release-linux-x86_64, r-release-macos-x86_64, r-release-windows-ix86+x86_64, r-oldrel-macos-x86_64, r-oldrel-windows-ix86+x86_64