CRAN Package Check Results for Package ivdoctr

Last updated on 2020-09-22 16:02:31 CEST.

Flavor Version Tinstall Tcheck Ttotal Status Flags
r-devel-linux-x86_64-debian-clang 1.0.0 39.61 116.55 156.16 OK
r-devel-linux-x86_64-debian-gcc 1.0.0 32.92 91.06 123.98 OK
r-devel-linux-x86_64-fedora-clang 1.0.0 204.82 NOTE
r-devel-linux-x86_64-fedora-gcc 1.0.0 192.12 NOTE
r-devel-windows-ix86+x86_64 1.0.0 94.00 182.00 276.00 OK
r-patched-linux-x86_64 1.0.0 24.07 113.52 137.59 OK
r-patched-solaris-x86 1.0.0 243.60 NOTE
r-release-linux-x86_64 1.0.0 33.74 114.87 148.61 OK
r-release-macos-x86_64 1.0.0 NOTE
r-release-windows-ix86+x86_64 1.0.0 93.00 214.00 307.00 OK
r-oldrel-macos-x86_64 1.0.0 WARN
r-oldrel-windows-ix86+x86_64 1.0.0 63.00 206.00 269.00 OK

Check Details

Version: 1.0.0
Check: dependencies in R code
Result: NOTE
    Namespace in Imports field not imported from: ‘Rcpp’
     All declared Imports should be used.
Flavors: r-devel-linux-x86_64-fedora-clang, r-devel-linux-x86_64-fedora-gcc, r-patched-solaris-x86, r-release-macos-x86_64, r-oldrel-macos-x86_64

Version: 1.0.0
Check: data for non-ASCII characters
Result: NOTE
     Note: found 58 marked UTF-8 strings
Flavors: r-devel-linux-x86_64-fedora-clang, r-devel-linux-x86_64-fedora-gcc, r-patched-solaris-x86, r-release-macos-x86_64, r-oldrel-macos-x86_64

Version: 1.0.0
Check: whether package can be installed
Result: WARN
    Found the following significant warnings:
     Warning: 'rgl.init' failed, running with 'rgl.useNULL = TRUE'.
Flavor: r-oldrel-macos-x86_64