CRAN Package Check Results for Package ivdesign

Last updated on 2020-11-25 15:51:59 CET.

Flavor Version Tinstall Tcheck Ttotal Status Flags
r-devel-linux-x86_64-debian-clang 0.1.0 2.50 26.39 28.89 NOTE
r-devel-linux-x86_64-debian-gcc 0.1.0 1.96 22.56 24.52 NOTE
r-devel-linux-x86_64-fedora-clang 0.1.0 41.24 NOTE
r-devel-linux-x86_64-fedora-gcc 0.1.0 30.00 NOTE
r-devel-windows-ix86+x86_64 0.1.0 5.00 52.00 57.00 NOTE
r-patched-linux-x86_64 0.1.0 2.45 25.05 27.50 NOTE
r-patched-solaris-x86 0.1.0 44.90 NOTE
r-release-linux-x86_64 0.1.0 2.48 24.89 27.37 NOTE
r-release-macos-x86_64 0.1.0 NOTE
r-release-windows-ix86+x86_64 0.1.0 6.00 41.00 47.00 NOTE
r-oldrel-macos-x86_64 0.1.0 NOTE
r-oldrel-windows-ix86+x86_64 0.1.0 3.00 40.00 43.00 NOTE

Check Details

Version: 0.1.0
Check: package dependencies
Result: NOTE
    Package suggested but not available for checking: 'gurobi'
Flavors: r-devel-linux-x86_64-debian-clang, r-devel-linux-x86_64-debian-gcc, r-devel-linux-x86_64-fedora-clang, r-devel-linux-x86_64-fedora-gcc, r-devel-windows-ix86+x86_64, r-patched-linux-x86_64, r-patched-solaris-x86, r-release-linux-x86_64, r-release-macos-x86_64, r-release-windows-ix86+x86_64, r-oldrel-macos-x86_64, r-oldrel-windows-ix86+x86_64