CRAN Package Check Results for Package isva

Last updated on 2021-10-19 03:52:24 CEST.

Flavor Version Tinstall Tcheck Ttotal Status Flags
r-devel-linux-x86_64-debian-clang 1.9 5.39 52.25 57.64 NOTE
r-devel-linux-x86_64-debian-gcc 1.9 3.74 40.29 44.03 NOTE
r-devel-linux-x86_64-fedora-clang 1.9 79.83 NOTE
r-devel-linux-x86_64-fedora-gcc 1.9 65.96 NOTE
r-devel-windows-x86_64 1.9 10.00 74.00 84.00 OK
r-devel-windows-x86_64-gcc10-UCRT 1.9 OK
r-patched-linux-x86_64 1.9 5.28 47.91 53.19 NOTE
r-patched-solaris-x86 1.9 100.30 NOTE
r-release-linux-x86_64 1.9 4.77 48.14 52.91 NOTE
r-release-macos-arm64 1.9 OK
r-release-macos-x86_64 1.9 OK
r-release-windows-ix86+x86_64 1.9 12.00 71.00 83.00 OK
r-oldrel-macos-x86_64 1.9 OK
r-oldrel-windows-ix86+x86_64 1.9 16.00 75.00 91.00 OK

Check Details

Version: 1.9
Check: for non-standard things in the check directory
Result: NOTE
    Found the following files/directories:
     'RMTplot.pdf'
Flavors: r-devel-linux-x86_64-debian-clang, r-devel-linux-x86_64-debian-gcc, r-devel-linux-x86_64-fedora-clang, r-devel-linux-x86_64-fedora-gcc, r-patched-linux-x86_64, r-patched-solaris-x86, r-release-linux-x86_64