CRAN Package Check Results for Package istacr

Last updated on 2024-06-19 16:52:54 CEST.

Flavor Version Tinstall Tcheck Ttotal Status Flags
r-devel-linux-x86_64-debian-clang 0.2.2 2.72 43.83 46.55 NOTE
r-devel-linux-x86_64-debian-gcc 0.2.2 2.30 34.23 36.53 NOTE
r-devel-linux-x86_64-fedora-clang 0.2.2 56.39 NOTE
r-devel-linux-x86_64-fedora-gcc 0.2.2 54.48 NOTE
r-devel-windows-x86_64 0.2.2 4.00 100.00 104.00 NOTE
r-patched-linux-x86_64 0.2.2 3.99 43.04 47.03 NOTE
r-release-linux-x86_64 0.2.2 3.27 43.38 46.65 NOTE
r-release-macos-arm64 0.2.2 153.00 NOTE
r-release-macos-x86_64 0.2.2 186.00 NOTE
r-release-windows-x86_64 0.2.2 4.00 102.00 106.00 NOTE
r-oldrel-macos-arm64 0.2.2 155.00 OK
r-oldrel-macos-x86_64 0.2.2 171.00 OK
r-oldrel-windows-x86_64 0.2.2 4.00 110.00 114.00 OK

Check Details

Version: 0.2.2
Check: Rd files
Result: NOTE checkRd: (-1) get_structuralresources_categorisations_agency.Rd:27: Lost braces; missing escapes or markup? 27 | This function returns the content from ``/v1.0/categorisations/{agencyID}`` | ^ checkRd: (-1) get_structuralresources_categorisations_agency_resource.Rd:30: Lost braces; missing escapes or markup? 30 | This function returns the content from ``/v1.0/categorisations/{agencyID}/{resourceID}`` | ^ checkRd: (-1) get_structuralresources_categorisations_agency_resource.Rd:30: Lost braces; missing escapes or markup? 30 | This function returns the content from ``/v1.0/categorisations/{agencyID}/{resourceID}`` | ^ checkRd: (-1) get_structuralresources_categorisations_agency_resource_version.Rd:21: Lost braces; missing escapes or markup? 21 | This function returns the content from ``/v1.0/categorisations/{agencyID}/{resourceID}/{version}`` | ^ checkRd: (-1) get_structuralresources_categorisations_agency_resource_version.Rd:21: Lost braces; missing escapes or markup? 21 | This function returns the content from ``/v1.0/categorisations/{agencyID}/{resourceID}/{version}`` | ^ checkRd: (-1) get_structuralresources_categorisations_agency_resource_version.Rd:21: Lost braces; missing escapes or markup? 21 | This function returns the content from ``/v1.0/categorisations/{agencyID}/{resourceID}/{version}`` | ^ checkRd: (-1) get_structuralresources_category_schemes_agency.Rd:27: Lost braces; missing escapes or markup? 27 | This function returns the content from ``/v1.0/categoryschemes/{agencyID}`` | ^ checkRd: (-1) get_structuralresources_category_schemes_agency_resource.Rd:30: Lost braces; missing escapes or markup? 30 | This function returns the content from ``/v1.0/categoryschemes/{agencyID}/{resourceID}`` | ^ checkRd: (-1) get_structuralresources_category_schemes_agency_resource.Rd:30: Lost braces; missing escapes or markup? 30 | This function returns the content from ``/v1.0/categoryschemes/{agencyID}/{resourceID}`` | ^ checkRd: (-1) get_structuralresources_category_schemes_agency_resource_version.Rd:21: Lost braces; missing escapes or markup? 21 | This function returns the content from ``/v1.0/categoryschemes/{agencyID}/{resourceID}/{version}`` | ^ checkRd: (-1) get_structuralresources_category_schemes_agency_resource_version.Rd:21: Lost braces; missing escapes or markup? 21 | This function returns the content from ``/v1.0/categoryschemes/{agencyID}/{resourceID}/{version}`` | ^ checkRd: (-1) get_structuralresources_category_schemes_agency_resource_version.Rd:21: Lost braces; missing escapes or markup? 21 | This function returns the content from ``/v1.0/categoryschemes/{agencyID}/{resourceID}/{version}`` | ^ checkRd: (-1) get_structuralresources_category_schemes_agency_resource_version_categories.Rd:33: Lost braces; missing escapes or markup? 33 | This function returns the content from ``/v1.0/categoryschemes/{agencyID}/{resourceID}/{version}/categories`` | ^ checkRd: (-1) get_structuralresources_category_schemes_agency_resource_version_categories.Rd:33: Lost braces; missing escapes or markup? 33 | This function returns the content from ``/v1.0/categoryschemes/{agencyID}/{resourceID}/{version}/categories`` | ^ checkRd: (-1) get_structuralresources_category_schemes_agency_resource_version_categories.Rd:33: Lost braces; missing escapes or markup? 33 | This function returns the content from ``/v1.0/categoryschemes/{agencyID}/{resourceID}/{version}/categories`` | ^ checkRd: (-1) get_structuralresources_category_schemes_agency_resource_version_categories_id.Rd:24: Lost braces; missing escapes or markup? 24 | This function returns the content from ``/v1.0/categoryschemes/{agencyID}/{resourceID}/{version}/categories/{categoryID}`` | ^ checkRd: (-1) get_structuralresources_category_schemes_agency_resource_version_categories_id.Rd:24: Lost braces; missing escapes or markup? 24 | This function returns the content from ``/v1.0/categoryschemes/{agencyID}/{resourceID}/{version}/categories/{categoryID}`` | ^ checkRd: (-1) get_structuralresources_category_schemes_agency_resource_version_categories_id.Rd:24: Lost braces; missing escapes or markup? 24 | This function returns the content from ``/v1.0/categoryschemes/{agencyID}/{resourceID}/{version}/categories/{categoryID}`` | ^ checkRd: (-1) get_structuralresources_category_schemes_agency_resource_version_categories_id.Rd:24: Lost braces; missing escapes or markup? 24 | This function returns the content from ``/v1.0/categoryschemes/{agencyID}/{resourceID}/{version}/categories/{categoryID}`` | ^ checkRd: (-1) get_structuralresources_concept_schemes_agency.Rd:27: Lost braces; missing escapes or markup? 27 | This function returns the content from ``/v1.0/conceptschemes/{agencyID}`` | ^ checkRd: (-1) get_structuralresources_concept_schemes_agency_resource.Rd:30: Lost braces; missing escapes or markup? 30 | This function returns the content from ``/v1.0/conceptschemes/{agencyID}/{resourceID}`` | ^ checkRd: (-1) get_structuralresources_concept_schemes_agency_resource.Rd:30: Lost braces; missing escapes or markup? 30 | This function returns the content from ``/v1.0/conceptschemes/{agencyID}/{resourceID}`` | ^ checkRd: (-1) get_structuralresources_concept_schemes_agency_resource_version.Rd:21: Lost braces; missing escapes or markup? 21 | This function returns the content from ``/v1.0/conceptschemes/{agencyID}/{resourceID}/{version}`` | ^ checkRd: (-1) get_structuralresources_concept_schemes_agency_resource_version.Rd:21: Lost braces; missing escapes or markup? 21 | This function returns the content from ``/v1.0/conceptschemes/{agencyID}/{resourceID}/{version}`` | ^ checkRd: (-1) get_structuralresources_concept_schemes_agency_resource_version.Rd:21: Lost braces; missing escapes or markup? 21 | This function returns the content from ``/v1.0/conceptschemes/{agencyID}/{resourceID}/{version}`` | ^ checkRd: (-1) get_structuralresources_concept_schemes_agency_resource_version_concepts.Rd:37: Lost braces; missing escapes or markup? 37 | ``/v1.0/conceptschemes/{agencyID}/{resourceID}/{version}/concepts`` | ^ checkRd: (-1) get_structuralresources_concept_schemes_agency_resource_version_concepts.Rd:37: Lost braces; missing escapes or markup? 37 | ``/v1.0/conceptschemes/{agencyID}/{resourceID}/{version}/concepts`` | ^ checkRd: (-1) get_structuralresources_concept_schemes_agency_resource_version_concepts.Rd:37: Lost braces; missing escapes or markup? 37 | ``/v1.0/conceptschemes/{agencyID}/{resourceID}/{version}/concepts`` | ^ checkRd: (-1) get_structuralresources_concept_schemes_agency_resource_version_concepts_id.Rd:25: Lost braces; missing escapes or markup? 25 | ``/v1.0/conceptschemes/{agencyID}/{resourceID}/{version}/concepts/{conceptID}`` | ^ checkRd: (-1) get_structuralresources_concept_schemes_agency_resource_version_concepts_id.Rd:25: Lost braces; missing escapes or markup? 25 | ``/v1.0/conceptschemes/{agencyID}/{resourceID}/{version}/concepts/{conceptID}`` | ^ checkRd: (-1) get_structuralresources_concept_schemes_agency_resource_version_concepts_id.Rd:25: Lost braces; missing escapes or markup? 25 | ``/v1.0/conceptschemes/{agencyID}/{resourceID}/{version}/concepts/{conceptID}`` | ^ checkRd: (-1) get_structuralresources_concept_schemes_agency_resource_version_concepts_id.Rd:25: Lost braces; missing escapes or markup? 25 | ``/v1.0/conceptschemes/{agencyID}/{resourceID}/{version}/concepts/{conceptID}`` | ^ checkRd: (-1) get_structuralresources_content_constraints_agency.Rd:27: Lost braces; missing escapes or markup? 27 | This function returns the content from ``/v1.0/contentConstraints/{agencyID}`` | ^ checkRd: (-1) get_structuralresources_content_constraints_agency_resource.Rd:30: Lost braces; missing escapes or markup? 30 | This function returns the content from ``/v1.0/contentConstraints/{agencyID}/{resourceID}`` | ^ checkRd: (-1) get_structuralresources_content_constraints_agency_resource.Rd:30: Lost braces; missing escapes or markup? 30 | This function returns the content from ``/v1.0/contentConstraints/{agencyID}/{resourceID}`` | ^ checkRd: (-1) get_structuralresources_content_constraints_agency_resource_version.Rd:21: Lost braces; missing escapes or markup? 21 | This function returns the content from ``/v1.0/contentConstraints/{agencyID}/{resourceID}/{version}`` | ^ checkRd: (-1) get_structuralresources_content_constraints_agency_resource_version.Rd:21: Lost braces; missing escapes or markup? 21 | This function returns the content from ``/v1.0/contentConstraints/{agencyID}/{resourceID}/{version}`` | ^ checkRd: (-1) get_structuralresources_content_constraints_agency_resource_version.Rd:21: Lost braces; missing escapes or markup? 21 | This function returns the content from ``/v1.0/contentConstraints/{agencyID}/{resourceID}/{version}`` | ^ checkRd: (-1) get_structuralresources_content_constraints_agency_resource_version_regions.Rd:25: Lost braces; missing escapes or markup? 25 | ``/v1.0/contentConstraints/{agencyID}/{resourceID}/{version}/regions/``{regionCode} | ^ checkRd: (-1) get_structuralresources_content_constraints_agency_resource_version_regions.Rd:25: Lost braces; missing escapes or markup? 25 | ``/v1.0/contentConstraints/{agencyID}/{resourceID}/{version}/regions/``{regionCode} | ^ checkRd: (-1) get_structuralresources_content_constraints_agency_resource_version_regions.Rd:25: Lost braces; missing escapes or markup? 25 | ``/v1.0/contentConstraints/{agencyID}/{resourceID}/{version}/regions/``{regionCode} | ^ checkRd: (-1) get_structuralresources_content_constraints_agency_resource_version_regions.Rd:25: Lost braces; missing escapes or markup? 25 | ``/v1.0/contentConstraints/{agencyID}/{resourceID}/{version}/regions/``{regionCode} | ^ checkRd: (-1) get_structuralresources_data_structures_agency.Rd:27: Lost braces; missing escapes or markup? 27 | This function returns the content from ``/v1.0/datastructures/{agencyID}`` | ^ checkRd: (-1) get_structuralresources_data_structures_agency_resource.Rd:30: Lost braces; missing escapes or markup? 30 | This function returns the content from ``/v1.0/datastructures/{agencyID}/{resourceID}`` | ^ checkRd: (-1) get_structuralresources_data_structures_agency_resource.Rd:30: Lost braces; missing escapes or markup? 30 | This function returns the content from ``/v1.0/datastructures/{agencyID}/{resourceID}`` | ^ checkRd: (-1) get_structuralresources_data_structures_agency_resource_version.Rd:22: Lost braces; missing escapes or markup? 22 | ``/v1.0/datastructures/{agencyID}/{resourceID}/{version}`` | ^ checkRd: (-1) get_structuralresources_data_structures_agency_resource_version.Rd:22: Lost braces; missing escapes or markup? 22 | ``/v1.0/datastructures/{agencyID}/{resourceID}/{version}`` | ^ checkRd: (-1) get_structuralresources_data_structures_agency_resource_version.Rd:22: Lost braces; missing escapes or markup? 22 | ``/v1.0/datastructures/{agencyID}/{resourceID}/{version}`` | ^ checkRd: (-1) get_structuralresources_geoinfo.Rd:34: Lost braces; missing escapes or markup? 34 | ``/v1.0/variables/{variableID}/variableelements/{resourceID}/geoinfo`` | ^ checkRd: (-1) get_structuralresources_geoinfo.Rd:34: Lost braces; missing escapes or markup? 34 | ``/v1.0/variables/{variableID}/variableelements/{resourceID}/geoinfo`` | ^ checkRd: (-1) get_structuralresources_variable_families_id.Rd:13: Lost braces; missing escapes or markup? 13 | This function returns data from ``/v1.0/variablefamilies/{id}`` | ^ checkRd: (-1) get_structuralresources_variable_families_id_variables.Rd:27: Lost braces; missing escapes or markup? 27 | This function returns data from ``/v1.0/variablefamilies/{id}/variables`` | ^ checkRd: (-1) get_structuralresources_variableelements.Rd:27: Lost braces; missing escapes or markup? 27 | This function returns data from ``/v1.0/variables/{variableID}/variableelements`` | ^ checkRd: (-1) get_structuralresources_variableelements_resource.Rd:15: Lost braces; missing escapes or markup? 15 | This function returns data from ``/v1.0/variables/{variableID}/variableelements/{resourceID}`` | ^ checkRd: (-1) get_structuralresources_variableelements_resource.Rd:15: Lost braces; missing escapes or markup? 15 | This function returns data from ``/v1.0/variables/{variableID}/variableelements/{resourceID}`` | ^ checkRd: (-1) get_structuralresources_variables_id.Rd:13: Lost braces; missing escapes or markup? 13 | This function returns data from ``/v1.0/variables/{id}`` | ^ Flavors: r-devel-linux-x86_64-debian-clang, r-devel-linux-x86_64-debian-gcc, r-devel-linux-x86_64-fedora-clang, r-devel-linux-x86_64-fedora-gcc, r-devel-windows-x86_64, r-patched-linux-x86_64, r-release-linux-x86_64, r-release-macos-arm64, r-release-macos-x86_64, r-release-windows-x86_64