CRAN Package Check Results for Package isqg

Last updated on 2022-10-01 15:52:55 CEST.

Flavor Version Tinstall Tcheck Ttotal Status Flags
r-devel-linux-x86_64-debian-clang 1.3 53.17 34.37 87.54 WARN
r-devel-linux-x86_64-debian-gcc 1.3 44.56 26.50 71.06 OK
r-devel-linux-x86_64-fedora-clang 1.3 141.20 WARN
r-devel-linux-x86_64-fedora-gcc 1.3 129.42 OK
r-devel-windows-x86_64 1.3 55.00 89.00 144.00 OK
r-patched-linux-x86_64 1.3 55.17 31.98 87.15 OK
r-release-linux-x86_64 1.3 50.17 31.41 81.58 OK
r-release-macos-arm64 1.3 34.00 OK
r-release-macos-x86_64 1.3 45.00 OK
r-release-windows-x86_64 1.3 63.00 82.00 145.00 OK
r-oldrel-macos-arm64 1.3 42.00 OK
r-oldrel-macos-x86_64 1.3 65.00 OK
r-oldrel-windows-ix86+x86_64 1.3 141.00 86.00 227.00 OK

Additional issues

clang14

Check Details

Version: 1.3
Check: whether package can be installed
Result: WARN
    Found the following significant warnings:
     Genetics.cpp:363:20: warning: use of bitwise '&' with boolean operands [-Wbitwise-instead-of-logical]
     Genetics.cpp:376:20: warning: use of bitwise '&' with boolean operands [-Wbitwise-instead-of-logical]
     Genetics.cpp:376:51: warning: use of bitwise '&' with boolean operands [-Wbitwise-instead-of-logical]
Flavors: r-devel-linux-x86_64-debian-clang, r-devel-linux-x86_64-fedora-clang