Last updated on 2022-06-27 15:53:46 CEST.
Flavor | Version | Tinstall | Tcheck | Ttotal | Status | Flags |
---|---|---|---|---|---|---|
r-devel-linux-x86_64-debian-clang | 1.1.3 | 331.05 | 293.36 | 624.41 | NOTE | |
r-devel-linux-x86_64-debian-gcc | 1.1.3 | 190.86 | 224.30 | 415.16 | NOTE | |
r-devel-linux-x86_64-fedora-clang | 1.1.3 | 764.85 | NOTE | |||
r-devel-linux-x86_64-fedora-gcc | 1.1.3 | 644.30 | NOTE | |||
r-devel-windows-x86_64 | 1.1.3 | 295.00 | 374.00 | 669.00 | NOTE | |
r-patched-linux-x86_64 | 1.1.3 | 192.45 | 287.28 | 479.73 | NOTE | |
r-release-linux-x86_64 | 1.1.3 | 140.15 | 281.18 | 421.33 | NOTE | |
r-release-macos-arm64 | 1.1.3 | 188.00 | NOTE | |||
r-release-macos-x86_64 | 1.1.3 | 345.00 | NOTE | |||
r-release-windows-x86_64 | 1.1.3 | 335.00 | 366.00 | 701.00 | NOTE | |
r-oldrel-macos-arm64 | 1.1.3 | 176.00 | NOTE | |||
r-oldrel-macos-x86_64 | 1.1.3 | 242.00 | NOTE | |||
r-oldrel-windows-ix86+x86_64 | 1.1.3 | 444.00 | 512.00 | 956.00 | NOTE |
Version: 1.1.3
Check: for GNU extensions in Makefiles
Result: NOTE
GNU make is a SystemRequirements.
Flavors: r-devel-linux-x86_64-debian-clang, r-devel-linux-x86_64-debian-gcc, r-devel-linux-x86_64-fedora-clang, r-devel-linux-x86_64-fedora-gcc, r-devel-windows-x86_64, r-patched-linux-x86_64, r-release-linux-x86_64, r-release-macos-arm64, r-release-macos-x86_64, r-release-windows-x86_64, r-oldrel-macos-arm64, r-oldrel-macos-x86_64, r-oldrel-windows-ix86+x86_64
Version: 1.1.3
Check: installed package size
Result: NOTE
installed size is 45.0Mb
sub-directories of 1Mb or more:
doc 2.9Mb
libs 40.0Mb
Flavors: r-devel-linux-x86_64-fedora-clang, r-devel-windows-x86_64, r-release-macos-arm64, r-release-macos-x86_64, r-release-windows-x86_64, r-oldrel-macos-arm64, r-oldrel-macos-x86_64, r-oldrel-windows-ix86+x86_64