CRAN Package Check Results for Package iriR

Last updated on 2022-09-30 04:59:11 CEST.

Flavor Version Tinstall Tcheck Ttotal Status Flags
r-devel-linux-x86_64-debian-clang 0.2.2 14.37 84.02 98.39 OK
r-devel-linux-x86_64-debian-gcc 0.2.2 11.60 62.35 73.95 OK
r-devel-linux-x86_64-fedora-clang 0.2.2 139.09 NOTE
r-devel-linux-x86_64-fedora-gcc 0.2.2 129.80 OK
r-devel-windows-x86_64 0.2.2 27.00 109.00 136.00 NOTE
r-patched-linux-x86_64 0.2.2 13.57 80.49 94.06 OK
r-release-linux-x86_64 0.2.2 13.98 76.25 90.23 OK
r-release-macos-arm64 0.2.2 48.00 NOTE
r-release-macos-x86_64 0.2.2 74.00 NOTE
r-release-windows-x86_64 0.2.2 34.00 118.00 152.00 NOTE
r-oldrel-macos-arm64 0.2.2 49.00 NOTE
r-oldrel-macos-x86_64 0.2.2 70.00 NOTE
r-oldrel-windows-ix86+x86_64 0.2.2 36.00 110.00 146.00 NOTE

Check Details

Version: 0.2.2
Check: installed package size
Result: NOTE
     installed size is 12.2Mb
     sub-directories of 1Mb or more:
     R 11.7Mb
Flavors: r-devel-linux-x86_64-fedora-clang, r-devel-windows-x86_64, r-release-macos-arm64, r-release-macos-x86_64, r-release-windows-x86_64, r-oldrel-macos-arm64, r-oldrel-macos-x86_64, r-oldrel-windows-ix86+x86_64