Last updated on 2022-06-29 15:49:56 CEST.
Flavor | Version | Tinstall | Tcheck | Ttotal | Status | Flags |
---|---|---|---|---|---|---|
r-devel-linux-x86_64-debian-clang | 3.4.1 | 10.13 | 92.91 | 103.04 | NOTE | |
r-devel-linux-x86_64-debian-gcc | 3.4.1 | 8.41 | 70.50 | 78.91 | NOTE | |
r-devel-linux-x86_64-fedora-clang | 3.4.1 | 143.34 | NOTE | |||
r-devel-linux-x86_64-fedora-gcc | 3.4.1 | 140.95 | NOTE | |||
r-devel-windows-x86_64 | 3.4.1 | 128.00 | 189.00 | 317.00 | NOTE | |
r-patched-linux-x86_64 | 3.4.1 | 12.07 | 91.07 | 103.14 | NOTE | |
r-release-linux-x86_64 | 3.4.1 | 11.13 | 90.71 | 101.84 | NOTE | |
r-release-macos-arm64 | 3.4.1 | 44.00 | NOTE | |||
r-release-macos-x86_64 | 3.4.1 | 54.00 | NOTE | |||
r-release-windows-x86_64 | 3.4.1 | 96.00 | 170.00 | 266.00 | NOTE | |
r-oldrel-macos-arm64 | 3.4.1 | 61.00 | NOTE | |||
r-oldrel-macos-x86_64 | 3.4.1 | 92.00 | NOTE | |||
r-oldrel-windows-ix86+x86_64 | 3.4.1 | 20.00 | 126.00 | 146.00 | NOTE |
Version: 3.4.1
Check: LazyData
Result: NOTE
'LazyData' is specified without a 'data' directory
Flavors: r-devel-linux-x86_64-debian-clang, r-devel-linux-x86_64-debian-gcc, r-devel-linux-x86_64-fedora-clang, r-devel-linux-x86_64-fedora-gcc, r-devel-windows-x86_64, r-patched-linux-x86_64, r-release-linux-x86_64, r-release-macos-arm64, r-release-macos-x86_64, r-release-windows-x86_64, r-oldrel-macos-arm64, r-oldrel-macos-x86_64, r-oldrel-windows-ix86+x86_64
Version: 3.4.1
Check: package dependencies
Result: NOTE
Package suggested but not available for checking: ‘Rmpi’
Flavors: r-release-macos-arm64, r-release-macos-x86_64, r-oldrel-macos-arm64, r-oldrel-macos-x86_64